CRAN Package Check Results for Package ui

Last updated on 2024-05-18 22:27:56 CEST.

Flavor Version Tinstall Tcheck Ttotal Status Flags
r-devel-linux-x86_64-debian-clang 0.1.1 9.39 87.62 97.01 NOTE
r-devel-linux-x86_64-debian-gcc 0.1.1 8.22 62.57 70.79 NOTE
r-devel-linux-x86_64-fedora-clang 0.1.1 117.66 NOTE
r-devel-linux-x86_64-fedora-gcc 0.1.1 164.78 NOTE
r-devel-windows-x86_64 0.1.1 9.00 77.00 86.00 NOTE
r-patched-linux-x86_64 0.1.1 8.69 80.61 89.30 NOTE
r-release-linux-x86_64 0.1.1 10.96 80.31 91.27 NOTE
r-release-macos-arm64 0.1.1 33.00 NOTE
r-release-windows-x86_64 0.1.1 9.00 78.00 87.00 NOTE
r-oldrel-macos-arm64 0.1.1 37.00 NOTE
r-oldrel-macos-x86_64 0.1.1 60.00 NOTE
r-oldrel-windows-x86_64 0.1.1 12.00 91.00 103.00 NOTE

Check Details

Version: 0.1.1
Check: LazyData
Result: NOTE 'LazyData' is specified without a 'data' directory Flavors: r-devel-linux-x86_64-debian-clang, r-devel-linux-x86_64-debian-gcc, r-devel-linux-x86_64-fedora-clang, r-devel-linux-x86_64-fedora-gcc, r-devel-windows-x86_64, r-patched-linux-x86_64, r-release-linux-x86_64, r-release-macos-arm64, r-release-windows-x86_64, r-oldrel-macos-arm64, r-oldrel-macos-x86_64, r-oldrel-windows-x86_64