CRAN Package Check Results for Package uklr

Last updated on 2024-02-25 19:50:14 CET.

Flavor Version Tinstall Tcheck Ttotal Status Flags
r-devel-linux-x86_64-debian-clang 1.0.2 12.06 64.81 76.87 NOTE
r-devel-linux-x86_64-debian-gcc 1.0.2 10.29 50.34 60.63 NOTE
r-devel-linux-x86_64-fedora-clang 1.0.2 99.66 NOTE
r-devel-linux-x86_64-fedora-gcc 1.0.2 104.44 NOTE
r-devel-windows-x86_64 1.0.2 13.00 73.00 86.00 NOTE
r-patched-linux-x86_64 1.0.2 12.54 61.13 73.67 NOTE
r-release-linux-x86_64 1.0.2 10.13 61.29 71.42 NOTE
r-release-macos-arm64 1.0.2 46.00 NOTE
r-release-macos-x86_64 1.0.2 72.00 NOTE
r-release-windows-x86_64 1.0.2 15.00 83.00 98.00 NOTE
r-oldrel-macos-arm64 1.0.2 80.00 NOTE
r-oldrel-windows-x86_64 1.0.2 17.00 89.00 106.00 OK

Check Details

Version: 1.0.2
Check: package subdirectories
Result: NOTE Problems with news in ‘NEWS.md’: Cannot extract version info from the following section titles: uktrans_get is fixed when start_date is used (#2) Extra layer of of NULL returns to fail gracefully with an informative message. Removed travis & appveyor and using gh_actions instead. Using gh-pages to create the pkgdown website. Create an app as vignette page to search with the help of uklr. Flavors: r-devel-linux-x86_64-debian-clang, r-devel-linux-x86_64-debian-gcc, r-devel-linux-x86_64-fedora-clang, r-devel-linux-x86_64-fedora-gcc, r-devel-windows-x86_64, r-patched-linux-x86_64, r-release-linux-x86_64, r-release-macos-arm64, r-release-macos-x86_64, r-release-windows-x86_64

Version: 1.0.2
Check: installed package size
Result: NOTE installed size is 5.4Mb sub-directories of 1Mb or more: data 5.1Mb Flavors: r-release-macos-arm64, r-release-macos-x86_64, r-oldrel-macos-arm64