CRAN Package Check Results for Package ukpolice

Last updated on 2025-01-25 19:49:01 CET.

Flavor Version Tinstall Tcheck Ttotal Status Flags
r-devel-linux-x86_64-debian-clang 0.2.2 3.73 38.72 42.45 OK
r-devel-linux-x86_64-debian-gcc 0.2.2 3.01 28.26 31.27 OK
r-devel-linux-x86_64-fedora-clang 0.2.2 71.35 OK
r-devel-linux-x86_64-fedora-gcc 0.2.2 77.69 OK
r-devel-windows-x86_64 0.2.2 6.00 67.00 73.00 OK
r-patched-linux-x86_64 0.2.2 4.10 35.69 39.79 NOTE
r-release-linux-x86_64 0.2.2 2.57 36.24 38.81 NOTE
r-release-macos-arm64 0.2.2 32.00 NOTE
r-release-macos-x86_64 0.2.2 49.00 NOTE
r-release-windows-x86_64 0.2.2 7.00 61.00 68.00 NOTE
r-oldrel-macos-arm64 0.2.2 31.00 NOTE
r-oldrel-macos-x86_64 0.2.2 43.00 NOTE
r-oldrel-windows-x86_64 0.2.2 5.00 67.00 72.00 NOTE

Check Details

Version: 0.2.2
Check: LazyData
Result: NOTE 'LazyData' is specified without a 'data' directory Flavors: r-patched-linux-x86_64, r-release-linux-x86_64, r-release-macos-arm64, r-release-macos-x86_64, r-release-windows-x86_64, r-oldrel-macos-arm64, r-oldrel-macos-x86_64, r-oldrel-windows-x86_64