CRAN Package Check Results for Package understandBPMN

Last updated on 2024-06-23 21:49:12 CEST.

Flavor Version Tinstall Tcheck Ttotal Status Flags
r-devel-linux-x86_64-debian-clang 1.1.1 54.07 119.14 173.21 NOTE
r-devel-linux-x86_64-debian-gcc 1.1.1 37.50 81.65 119.15 NOTE
r-devel-linux-x86_64-fedora-clang 1.1.1 217.81 NOTE
r-devel-linux-x86_64-fedora-gcc 1.1.1 210.32 NOTE
r-devel-windows-x86_64 1.1.1 39.00 119.00 158.00 NOTE
r-patched-linux-x86_64 1.1.1 34.53 111.40 145.93 NOTE
r-release-linux-x86_64 1.1.1 29.81 112.28 142.09 NOTE
r-release-macos-arm64 1.1.1 53.00 NOTE
r-release-macos-x86_64 1.1.1 92.00 NOTE
r-release-windows-x86_64 1.1.1 38.00 126.00 164.00 NOTE
r-oldrel-macos-arm64 1.1.1 57.00 NOTE
r-oldrel-macos-x86_64 1.1.1 103.00 NOTE
r-oldrel-windows-x86_64 1.1.1 50.00 150.00 200.00 NOTE

Check Details

Version: 1.1.1
Check: package subdirectories
Result: NOTE Problems with news in ‘NEWS.md’: No news entries found. Flavors: r-devel-linux-x86_64-debian-clang, r-devel-linux-x86_64-debian-gcc, r-devel-linux-x86_64-fedora-clang, r-devel-linux-x86_64-fedora-gcc, r-devel-windows-x86_64, r-patched-linux-x86_64, r-release-linux-x86_64, r-release-macos-arm64, r-release-macos-x86_64, r-release-windows-x86_64, r-oldrel-macos-arm64, r-oldrel-macos-x86_64, r-oldrel-windows-x86_64

Version: 1.1.1
Check: LazyData
Result: NOTE 'LazyData' is specified without a 'data' directory Flavors: r-devel-linux-x86_64-debian-clang, r-devel-linux-x86_64-debian-gcc, r-devel-linux-x86_64-fedora-clang, r-devel-linux-x86_64-fedora-gcc, r-devel-windows-x86_64, r-patched-linux-x86_64, r-release-linux-x86_64, r-release-macos-arm64, r-release-macos-x86_64, r-release-windows-x86_64, r-oldrel-macos-arm64, r-oldrel-macos-x86_64, r-oldrel-windows-x86_64