CRAN Package Check Results for Package unglue

Last updated on 2023-02-06 19:54:39 CET.

Flavor Version Tinstall Tcheck Ttotal Status Flags
r-devel-linux-x86_64-debian-clang 0.1.0 2.38 24.65 27.03 NOTE
r-devel-linux-x86_64-debian-gcc 0.1.0 1.88 19.47 21.35 NOTE
r-devel-linux-x86_64-fedora-clang 0.1.0 35.70 NOTE
r-devel-linux-x86_64-fedora-gcc 0.1.0 46.09 NOTE
r-devel-windows-x86_64 0.1.0 14.00 54.00 68.00 NOTE
r-patched-linux-x86_64 0.1.0 2.12 24.19 26.31 NOTE
r-release-linux-x86_64 0.1.0 2.33 25.20 27.53 NOTE
r-release-macos-arm64 0.1.0 19.00 NOTE
r-release-macos-x86_64 0.1.0 28.00 NOTE
r-release-windows-x86_64 0.1.0 14.00 58.00 72.00 NOTE
r-oldrel-macos-arm64 0.1.0 22.00 NOTE
r-oldrel-macos-x86_64 0.1.0 41.00 NOTE
r-oldrel-windows-ix86+x86_64 0.1.0 6.00 54.00 60.00 NOTE

Check Details

Version: 0.1.0
Check: LazyData
Result: NOTE
     'LazyData' is specified without a 'data' directory
Flavors: r-devel-linux-x86_64-debian-clang, r-devel-linux-x86_64-debian-gcc, r-devel-linux-x86_64-fedora-clang, r-devel-linux-x86_64-fedora-gcc, r-devel-windows-x86_64, r-patched-linux-x86_64, r-release-linux-x86_64, r-release-macos-arm64, r-release-macos-x86_64, r-release-windows-x86_64, r-oldrel-macos-arm64, r-oldrel-macos-x86_64, r-oldrel-windows-ix86+x86_64