CRAN Package Check Results for Package ungroup

Last updated on 2021-05-05 22:51:54 CEST.

Flavor Version Tinstall Tcheck Ttotal Status Flags
r-devel-linux-x86_64-debian-clang 1.3.0 54.28 135.49 189.77 OK
r-devel-linux-x86_64-debian-gcc 1.3.0 41.01 107.56 148.57 OK
r-devel-linux-x86_64-fedora-clang 1.3.0 251.71 NOTE
r-devel-linux-x86_64-fedora-gcc 1.3.0 236.47 OK
r-devel-windows-ix86+x86_64 1.3.0 123.00 262.00 385.00 OK
r-devel-windows-x86_64-gcc10-UCRT 1.3.0 OK
r-patched-linux-x86_64 1.3.0 59.94 135.43 195.37 OK
r-patched-solaris-x86 1.3.0 352.20 OK
r-release-linux-x86_64 1.3.0 46.97 130.72 177.69 OK
r-release-macos-x86_64 1.3.0 NOTE
r-release-windows-ix86+x86_64 1.3.0 91.00 210.00 301.00 OK
r-oldrel-macos-x86_64 1.3.0 WARN
r-oldrel-windows-ix86+x86_64 1.3.0 99.00 249.00 348.00 NOTE

Check Details

Version: 1.3.0
Check: installed package size
Result: NOTE
     installed size is 15.1Mb
     sub-directories of 1Mb or more:
     libs 14.5Mb
Flavors: r-devel-linux-x86_64-fedora-clang, r-release-macos-x86_64, r-oldrel-macos-x86_64

Version: 1.3.0
Check: whether package can be installed
Result: WARN
    Found the following significant warnings:
     Warning: 'rgl.init' failed, running with 'rgl.useNULL = TRUE'.
Flavor: r-oldrel-macos-x86_64

Version: 1.3.0
Check: R code for possible problems
Result: NOTE
    plot.pclm: no visible global function definition for ‘plot’
    Undefined global functions or variables:
     plot
    Consider adding
     importFrom("graphics", "plot")
    to your NAMESPACE file.
Flavors: r-oldrel-macos-x86_64, r-oldrel-windows-ix86+x86_64

Version: 1.3.0
Check: Rd files
Result: WARN
    prepare_Rd: RGL: unable to open X11 display
    prepare_Rd: 'rgl.init' failed, running with 'rgl.useNULL = TRUE'.
Flavor: r-oldrel-macos-x86_64