CRAN Package Check Results for Package unisensR

Last updated on 2021-12-02 20:51:47 CET.

Flavor Version Tinstall Tcheck Ttotal Status Flags
r-devel-linux-x86_64-debian-clang 0.3.3 2.22 32.95 35.17 NOTE
r-devel-linux-x86_64-debian-gcc 0.3.3 1.71 26.48 28.19 NOTE
r-devel-linux-x86_64-fedora-clang 0.3.3 57.36 NOTE
r-devel-linux-x86_64-fedora-gcc 0.3.3 45.69 NOTE
r-devel-windows-x86_64-new-UL 0.3.3 8.00 70.00 78.00 NOTE
r-devel-windows-x86_64-new-TK 0.3.3 NOTE
r-devel-windows-x86_64-old 0.3.3 5.00 43.00 48.00 NOTE
r-patched-linux-x86_64 0.3.3 2.59 32.39 34.98 NOTE
r-patched-solaris-x86 0.3.3 67.50 NOTE
r-release-linux-x86_64 0.3.3 2.46 32.51 34.97 NOTE
r-release-macos-arm64 0.3.3 NOTE
r-release-macos-x86_64 0.3.3 NOTE
r-release-windows-ix86+x86_64 0.3.3 6.00 53.00 59.00 NOTE
r-oldrel-macos-x86_64 0.3.3 OK
r-oldrel-windows-ix86+x86_64 0.3.3 6.00 55.00 61.00 OK

Check Details

Version: 0.3.3
Check: LazyData
Result: NOTE
     'LazyData' is specified without a 'data' directory
Flavors: r-devel-linux-x86_64-debian-clang, r-devel-linux-x86_64-debian-gcc, r-devel-linux-x86_64-fedora-clang, r-devel-linux-x86_64-fedora-gcc, r-devel-windows-x86_64-new-UL, r-devel-windows-x86_64-new-TK, r-devel-windows-x86_64-old, r-patched-linux-x86_64, r-patched-solaris-x86, r-release-linux-x86_64, r-release-macos-arm64, r-release-macos-x86_64, r-release-windows-ix86+x86_64