CRAN Package Check Results for Package unitedR

Last updated on 2024-07-13 21:44:54 CEST.

Flavor Version Tinstall Tcheck Ttotal Status Flags
r-devel-linux-x86_64-debian-clang 0.4 5.05 45.64 50.69 NOTE
r-devel-linux-x86_64-debian-gcc 0.4 4.04 34.44 38.48 NOTE
r-devel-linux-x86_64-fedora-clang 0.4 66.31 NOTE
r-devel-linux-x86_64-fedora-gcc 0.4 74.51 NOTE
r-devel-windows-x86_64 0.4 6.00 62.00 68.00 NOTE
r-patched-linux-x86_64 0.4 5.51 43.04 48.55 NOTE
r-release-linux-x86_64 0.4 5.49 43.60 49.09 NOTE
r-release-macos-arm64 0.4 28.00 NOTE
r-release-macos-x86_64 0.4 41.00 WARN
r-release-windows-x86_64 0.4 5.00 65.00 70.00 NOTE
r-oldrel-macos-arm64 0.4 32.00 NOTE
r-oldrel-macos-x86_64 0.4 44.00 NOTE
r-oldrel-windows-x86_64 0.4 7.00 64.00 71.00 NOTE

Check Details

Version: 0.4
Check: Rd files
Result: NOTE checkRd: (-1) simRedCard.Rd:22: Lost braces in \itemize; \value handles \item{}{} directly checkRd: (-1) simRedCard.Rd:23: Lost braces in \itemize; \value handles \item{}{} directly Flavors: r-devel-linux-x86_64-debian-clang, r-devel-linux-x86_64-debian-gcc, r-devel-linux-x86_64-fedora-clang, r-devel-linux-x86_64-fedora-gcc, r-devel-windows-x86_64, r-patched-linux-x86_64, r-release-linux-x86_64, r-release-macos-arm64, r-release-macos-x86_64, r-release-windows-x86_64

Version: 0.4
Check: LazyData
Result: NOTE 'LazyData' is specified without a 'data' directory Flavors: r-devel-linux-x86_64-debian-clang, r-devel-linux-x86_64-debian-gcc, r-devel-linux-x86_64-fedora-clang, r-devel-linux-x86_64-fedora-gcc, r-devel-windows-x86_64, r-patched-linux-x86_64, r-release-linux-x86_64, r-release-macos-arm64, r-release-macos-x86_64, r-release-windows-x86_64, r-oldrel-macos-arm64, r-oldrel-macos-x86_64, r-oldrel-windows-x86_64

Version: 0.4
Check: re-building of vignette outputs
Result: WARN Error(s) in re-building vignettes: ... --- re-building ‘unitedR.Rnw’ using knitr Error: processing vignette 'unitedR.Rnw' failed with diagnostics: Running 'texi2dvi' on 'unitedR.tex' failed. LaTeX errors: ! Undefined control sequence. l.73 \hlkwd{install.packages}\hldef {(}\hlsng{"unitedR"}\hldef{)} ? ! Emergency stop. ! Emergency stop. l.73 End of file on the terminal! ! ==> Fatal error occurred, no output PDF file produced! --- failed re-building ‘unitedR.Rnw’ SUMMARY: processing the following file failed: ‘unitedR.Rnw’ Error: Vignette re-building failed. Execution halted Flavor: r-release-macos-x86_64