CRAN Package Check Results for Package units

Last updated on 2022-01-25 19:50:49 CET.

Flavor Version Tinstall Tcheck Ttotal Status Flags
r-devel-linux-x86_64-debian-clang 0.7-2 22.65 80.64 103.29 NOTE
r-devel-linux-x86_64-debian-gcc 0.7-2 17.42 59.36 76.78 NOTE
r-devel-linux-x86_64-fedora-clang 0.7-2 142.05 NOTE
r-devel-linux-x86_64-fedora-gcc 0.7-2 123.51 OK
r-devel-windows-x86_64-new-UL 0.7-2 76.00 135.00 211.00 OK
r-devel-windows-x86_64-new-TK 0.7-2 OK
r-patched-linux-x86_64 0.7-2 19.37 76.29 95.66 NOTE
r-release-linux-x86_64 0.7-2 21.76 76.26 98.02 NOTE
r-release-macos-arm64 0.7-2 NOTE
r-release-macos-x86_64 0.7-2 NOTE
r-release-windows-ix86+x86_64 0.7-2 52.00 164.00 216.00 OK
r-oldrel-macos-x86_64 0.7-2 OK
r-oldrel-windows-ix86+x86_64 0.7-2 53.00 156.00 209.00 OK

Check Details

Version: 0.7-2
Check: package dependencies
Result: NOTE
    Suggests orphaned package: 'udunits2'
Flavors: r-devel-linux-x86_64-debian-clang, r-devel-linux-x86_64-debian-gcc, r-devel-linux-x86_64-fedora-clang, r-patched-linux-x86_64, r-release-linux-x86_64

Version: 0.7-2
Check: package dependencies
Result: NOTE
    Package suggested but not available for checking: ‘udunits2’
Flavors: r-release-macos-arm64, r-release-macos-x86_64