CRAN Package Check Results for Package units

Last updated on 2022-12-03 19:53:04 CET.

Flavor Version Tinstall Tcheck Ttotal Status Flags
r-devel-linux-x86_64-debian-clang 0.8-0 27.33 79.95 107.28 OK
r-devel-linux-x86_64-debian-gcc 0.8-0 17.67 57.99 75.66 OK
r-devel-linux-x86_64-fedora-clang 0.8-0 155.18 WARN
r-devel-linux-x86_64-fedora-gcc 0.8-0 148.18 OK
r-devel-windows-x86_64 0.8-0 66.00 144.00 210.00 OK
r-patched-linux-x86_64 0.8-0 20.80 73.60 94.40 OK
r-release-linux-x86_64 0.8-0 20.17 74.69 94.86 OK
r-release-macos-arm64 0.8-0 49.00 OK
r-release-macos-x86_64 0.8-0 64.00 OK
r-release-windows-x86_64 0.8-0 61.00 162.00 223.00 OK
r-oldrel-macos-arm64 0.8-0 57.00 OK
r-oldrel-macos-x86_64 0.8-0 110.00 OK
r-oldrel-windows-ix86+x86_64 0.8-0 55.00 169.00 224.00 OK

Check Details

Version: 0.8-0
Check: compiled code
Result: WARN
    File ‘units/libs/units.so’:
     Found ‘vsprintf’, possibly from ‘vsprintf’ (C)
     Object: ‘udunits.o’
    
    Compiled code should not call entry points which might terminate R nor
    write to stdout/stderr instead of to the console, nor use Fortran I/O
    nor system RNGs nor [v]sprintf.
    
    See ‘Writing portable packages’ in the ‘Writing R Extensions’ manual.
Flavor: r-devel-linux-x86_64-fedora-clang