CRAN Package Check Results for Package unjoin

Last updated on 2021-12-07 19:50:02 CET.

Flavor Version Tinstall Tcheck Ttotal Status Flags
r-devel-linux-x86_64-debian-clang 0.1.0 3.74 50.14 53.88 NOTE
r-devel-linux-x86_64-debian-gcc 0.1.0 2.74 38.81 41.55 NOTE
r-devel-linux-x86_64-fedora-clang 0.1.0 72.34 NOTE
r-devel-linux-x86_64-fedora-gcc 0.1.0 55.07 NOTE
r-devel-windows-x86_64-new-UL 0.1.0 8.00 78.00 86.00 NOTE
r-devel-windows-x86_64-new-TK 0.1.0 NOTE
r-devel-windows-x86_64-old 0.1.0 7.00 46.00 53.00 NOTE
r-patched-linux-x86_64 0.1.0 3.34 46.62 49.96 NOTE
r-release-linux-x86_64 0.1.0 3.38 46.86 50.24 NOTE
r-release-macos-arm64 0.1.0 NOTE
r-release-macos-x86_64 0.1.0 NOTE
r-release-windows-ix86+x86_64 0.1.0 8.00 61.00 69.00 NOTE
r-oldrel-macos-x86_64 0.1.0 OK
r-oldrel-windows-ix86+x86_64 0.1.0 11.00 63.00 74.00 OK

Check Details

Version: 0.1.0
Check: LazyData
Result: NOTE
     'LazyData' is specified without a 'data' directory
Flavors: r-devel-linux-x86_64-debian-clang, r-devel-linux-x86_64-debian-gcc, r-devel-linux-x86_64-fedora-clang, r-devel-linux-x86_64-fedora-gcc, r-devel-windows-x86_64-new-UL, r-devel-windows-x86_64-new-TK, r-devel-windows-x86_64-old, r-patched-linux-x86_64, r-release-linux-x86_64, r-release-macos-arm64, r-release-macos-x86_64, r-release-windows-ix86+x86_64