CRAN Package Check Results for Package urltools

Last updated on 2022-01-19 20:00:46 CET.

Flavor Version Tinstall Tcheck Ttotal Status Flags
r-devel-linux-x86_64-debian-clang 1.7.3 OK
r-devel-linux-x86_64-debian-gcc 1.7.3 49.35 34.18 83.53 OK
r-devel-linux-x86_64-fedora-clang 1.7.3 169.15 NOTE
r-devel-linux-x86_64-fedora-gcc 1.7.3 143.48 NOTE
r-devel-windows-x86_64-new-UL 1.7.3 121.00 93.00 214.00 OK
r-devel-windows-x86_64-new-TK 1.7.3 NOTE
r-patched-linux-x86_64 1.7.3 59.13 41.37 100.50 OK
r-release-linux-x86_64 1.7.3 OK
r-release-macos-arm64 1.7.3 NOTE
r-release-macos-x86_64 1.7.3 NOTE
r-release-windows-ix86+x86_64 1.7.3 173.00 90.00 263.00 OK
r-oldrel-macos-x86_64 1.7.3 NOTE
r-oldrel-windows-ix86+x86_64 1.7.3 175.00 92.00 267.00 OK

Check Details

Version: 1.7.3
Check: Rd cross-references
Result: NOTE
    Undeclared package ‘httr’ in Rd xrefs
Flavor: r-devel-linux-x86_64-fedora-clang

Version: 1.7.3
Check: data for non-ASCII characters
Result: NOTE
     Note: found 488 marked UTF-8 strings
Flavors: r-devel-linux-x86_64-fedora-clang, r-devel-linux-x86_64-fedora-gcc, r-devel-windows-x86_64-new-TK, r-release-macos-arm64, r-release-macos-x86_64, r-oldrel-macos-x86_64