CRAN Package Check Results for Package urltools

Last updated on 2021-10-15 20:48:47 CEST.

Flavor Version Tinstall Tcheck Ttotal Status Flags
r-devel-linux-x86_64-debian-clang 1.7.3 67.08 33.67 100.75 OK
r-devel-linux-x86_64-debian-gcc 1.7.3 50.63 27.11 77.74 OK
r-devel-linux-x86_64-fedora-clang 1.7.3 169.77 NOTE
r-devel-linux-x86_64-fedora-gcc 1.7.3 143.33 NOTE
r-devel-windows-x86_64 1.7.3 80.00 55.00 135.00 OK
r-devel-windows-x86_64-gcc10-UCRT 1.7.3 NOTE
r-patched-linux-x86_64 1.7.3 60.44 33.12 93.56 OK
r-patched-solaris-x86 1.7.3 152.40 NOTE
r-release-linux-x86_64 1.7.3 58.81 32.79 91.60 OK
r-release-macos-arm64 1.7.3 NOTE
r-release-macos-x86_64 1.7.3 NOTE
r-release-windows-ix86+x86_64 1.7.3 182.00 88.00 270.00 OK
r-oldrel-macos-x86_64 1.7.3 NOTE
r-oldrel-windows-ix86+x86_64 1.7.3 188.00 98.00 286.00 OK

Check Details

Version: 1.7.3
Check: Rd cross-references
Result: NOTE
    Undeclared package ‘httr’ in Rd xrefs
Flavor: r-devel-linux-x86_64-fedora-clang

Version: 1.7.3
Check: data for non-ASCII characters
Result: NOTE
     Note: found 488 marked UTF-8 strings
Flavors: r-devel-linux-x86_64-fedora-clang, r-devel-linux-x86_64-fedora-gcc, r-devel-windows-x86_64-gcc10-UCRT, r-patched-solaris-x86, r-release-macos-arm64, r-release-macos-x86_64, r-oldrel-macos-x86_64