CRAN Package Check Results for Package usethat

Last updated on 2022-01-20 19:51:12 CET.

Flavor Version Tinstall Tcheck Ttotal Status Flags
r-devel-linux-x86_64-debian-clang 0.3.0 OK
r-devel-linux-x86_64-debian-gcc 0.3.0 1.67 28.08 29.75 OK
r-devel-linux-x86_64-fedora-clang 0.3.0 45.78 NOTE
r-devel-linux-x86_64-fedora-gcc 0.3.0 34.46 NOTE
r-devel-windows-x86_64-new-UL 0.3.0 39.00 64.00 103.00 OK
r-devel-windows-x86_64-new-TK 0.3.0 NOTE
r-patched-linux-x86_64 0.3.0 1.88 33.61 35.49 OK
r-release-linux-x86_64 0.3.0 1.55 33.66 35.21 OK
r-release-macos-arm64 0.3.0 NOTE
r-release-macos-x86_64 0.3.0 NOTE
r-release-windows-ix86+x86_64 0.3.0 6.00 45.00 51.00 OK
r-oldrel-macos-x86_64 0.3.0 NOTE
r-oldrel-windows-ix86+x86_64 0.3.0 7.00 45.00 52.00 OK

Check Details

Version: 0.3.0
Check: dependencies in R code
Result: NOTE
    Namespace in Imports field not imported from: ‘microservices’
     All declared Imports should be used.
Flavors: r-devel-linux-x86_64-fedora-clang, r-devel-linux-x86_64-fedora-gcc, r-devel-windows-x86_64-new-TK, r-release-macos-arm64, r-release-macos-x86_64, r-oldrel-macos-x86_64