CRAN Package Check Results for Package usfertilizer

Last updated on 2021-12-01 19:51:53 CET.

Flavor Version Tinstall Tcheck Ttotal Status Flags
r-devel-linux-x86_64-debian-clang 0.1.5 2.50 47.69 50.19 OK
r-devel-linux-x86_64-debian-gcc 0.1.5 1.67 39.34 41.01 OK
r-devel-linux-x86_64-fedora-clang 0.1.5 73.76 NOTE
r-devel-linux-x86_64-fedora-gcc 0.1.5 60.56 NOTE
r-devel-windows-x86_64-new-UL 0.1.5 10.00 94.00 104.00 OK
r-devel-windows-x86_64-new-TK 0.1.5 NOTE
r-devel-windows-x86_64-old 0.1.5 5.00 58.00 63.00 OK
r-patched-linux-x86_64 0.1.5 2.43 46.11 48.54 OK
r-patched-solaris-x86 0.1.5 80.60 NOTE
r-release-linux-x86_64 0.1.5 2.35 46.61 48.96 OK
r-release-macos-arm64 0.1.5 NOTE
r-release-macos-x86_64 0.1.5 NOTE
r-release-windows-ix86+x86_64 0.1.5 7.00 55.00 62.00 OK
r-oldrel-macos-x86_64 0.1.5 NOTE
r-oldrel-windows-ix86+x86_64 0.1.5 6.00 71.00 77.00 OK

Check Details

Version: 0.1.5
Check: dependencies in R code
Result: NOTE
    Namespace in Imports field not imported from: ‘tidyverse’
     All declared Imports should be used.
Flavors: r-devel-linux-x86_64-fedora-clang, r-devel-linux-x86_64-fedora-gcc, r-devel-windows-x86_64-new-TK, r-patched-solaris-x86, r-release-macos-arm64, r-release-macos-x86_64, r-oldrel-macos-x86_64