CRAN Package Check Results for Package utr.annotation

Last updated on 2022-01-23 19:48:46 CET.

Flavor Version Tinstall Tcheck Ttotal Status Flags
r-devel-linux-x86_64-debian-clang 1.0.4 50.18 468.89 519.07 OK
r-devel-linux-x86_64-debian-gcc 1.0.4 45.74 383.68 429.42 OK
r-devel-linux-x86_64-fedora-clang 1.0.4 652.28 NOTE
r-devel-linux-x86_64-fedora-gcc 1.0.4 664.52 NOTE
r-devel-windows-x86_64-new-UL 1.0.4 326.00 504.00 830.00 OK
r-devel-windows-x86_64-new-TK 1.0.4 NOTE
r-patched-linux-x86_64 1.0.4 49.65 455.36 505.01 OK
r-release-linux-x86_64 1.0.4 38.42 448.85 487.27 OK
r-release-macos-arm64 1.0.4 NOTE
r-release-macos-x86_64 1.0.4 NOTE
r-release-windows-ix86+x86_64 1.0.4 112.00 514.00 626.00 OK
r-oldrel-macos-x86_64 1.0.4 NOTE
r-oldrel-windows-ix86+x86_64 1.0.4 124.00 558.00 682.00 OK

Check Details

Version: 1.0.4
Check: dependencies in R code
Result: NOTE
    Namespaces in Imports field not imported from:
     'parallel' 'xml2'
     All declared Imports should be used.
Flavors: r-devel-linux-x86_64-fedora-clang, r-devel-linux-x86_64-fedora-gcc, r-devel-windows-x86_64-new-TK, r-release-macos-arm64, r-release-macos-x86_64, r-oldrel-macos-x86_64