CRAN Package Check Results for Package uuid

Last updated on 2024-06-16 21:52:25 CEST.

Flavor Version Tinstall Tcheck Ttotal Status Flags
r-devel-linux-x86_64-debian-clang 1.2-0 11.32 22.69 34.01 OK
r-devel-linux-x86_64-debian-gcc 1.2-0 7.07 17.84 24.91 OK
r-devel-linux-x86_64-fedora-clang 1.2-0 45.51 OK
r-devel-linux-x86_64-fedora-gcc 1.2-0 42.86 OK
r-devel-windows-x86_64 1.2-0 15.00 36.00 51.00 WARN
r-patched-linux-x86_64 1.2-0 7.95 22.57 30.52 OK
r-release-linux-x86_64 1.2-0 8.19 22.67 30.86 OK
r-release-macos-arm64 1.2-0 29.00 OK
r-release-macos-x86_64 1.2-0 33.00 OK
r-release-windows-x86_64 1.2-0 13.00 37.00 50.00 WARN
r-oldrel-macos-arm64 1.2-0 35.00 OK
r-oldrel-macos-x86_64 1.2-0 79.00 OK
r-oldrel-windows-x86_64 1.2-0 16.00 40.00 56.00 WARN

Check Details

Version: 1.2-0
Check: whether package can be installed
Result: WARN Found the following significant warnings: randutils.c:60:12: warning: function declaration isn't a prototype [-Wstrict-prototypes] See 'd:/Rcompile/CRANpkg/local/4.5/uuid.Rcheck/00install.out' for details. * used C compiler: 'gcc.exe (GCC) 13.2.0' Flavor: r-devel-windows-x86_64

Version: 1.2-0
Check: whether package can be installed
Result: WARN Found the following significant warnings: randutils.c:60:12: warning: function declaration isn't a prototype [-Wstrict-prototypes] See 'd:/Rcompile/CRANpkg/local/4.4/uuid.Rcheck/00install.out' for details. * used C compiler: 'gcc.exe (GCC) 13.2.0' Flavor: r-release-windows-x86_64

Version: 1.2-0
Check: whether package can be installed
Result: WARN Found the following significant warnings: randutils.c:60:12: warning: function declaration isn't a prototype [-Wstrict-prototypes] See 'd:/Rcompile/CRANpkg/local/4.3/uuid.Rcheck/00install.out' for details. * used C compiler: 'gcc.exe (GCC) 12.3.0' Flavor: r-oldrel-windows-x86_64