CRAN Package Check Results for Package uwot

Last updated on 2022-12-03 19:53:05 CET.

Flavor Version Tinstall Tcheck Ttotal Status Flags
r-devel-linux-x86_64-debian-clang 0.1.14 127.05 201.49 328.54 OK
r-devel-linux-x86_64-debian-gcc 0.1.14 105.74 170.38 276.12 OK
r-devel-linux-x86_64-fedora-clang 0.1.14 414.15 OK
r-devel-linux-x86_64-fedora-gcc 0.1.14 432.88 OK
r-devel-windows-x86_64 0.1.14 112.00 300.00 412.00 OK
r-patched-linux-x86_64 0.1.14 106.65 188.13 294.78 OK
r-release-linux-x86_64 0.1.14 110.68 188.42 299.10 OK
r-release-macos-arm64 0.1.14 135.00 NOTE
r-release-macos-x86_64 0.1.14 147.00 NOTE
r-release-windows-x86_64 0.1.14 105.00 284.00 389.00 OK
r-oldrel-macos-arm64 0.1.14 127.00 NOTE
r-oldrel-macos-x86_64 0.1.14 146.00 NOTE
r-oldrel-windows-ix86+x86_64 0.1.14 272.00 373.00 645.00 OK

Check Details

Version: 0.1.14
Check: installed package size
Result: NOTE
     installed size is 23.0Mb
     sub-directories of 1Mb or more:
     libs 22.5Mb
Flavors: r-release-macos-arm64, r-release-macos-x86_64, r-oldrel-macos-arm64, r-oldrel-macos-x86_64