CRAN Package Check Results for Package uwot

Last updated on 2022-01-22 20:48:52 CET.

Flavor Version Tinstall Tcheck Ttotal Status Flags
r-devel-linux-x86_64-debian-clang 0.1.11 86.00 161.75 247.75 OK
r-devel-linux-x86_64-debian-gcc 0.1.11 67.49 135.07 202.56 OK
r-devel-linux-x86_64-fedora-clang 0.1.11 332.58 NOTE
r-devel-linux-x86_64-fedora-gcc 0.1.11 315.75 OK
r-devel-windows-x86_64-new-UL 0.1.11 106.00 218.00 324.00 OK
r-devel-windows-x86_64-new-TK 0.1.11 OK
r-patched-linux-x86_64 0.1.11 85.82 157.87 243.69 OK
r-release-linux-x86_64 0.1.11 75.18 157.62 232.80 OK
r-release-macos-arm64 0.1.11 NOTE
r-release-macos-x86_64 0.1.11 NOTE
r-release-windows-ix86+x86_64 0.1.11 197.00 316.00 513.00 OK
r-oldrel-macos-x86_64 0.1.11 NOTE
r-oldrel-windows-ix86+x86_64 0.1.11 203.00 312.00 515.00 OK

Check Details

Version: 0.1.11
Check: installed package size
Result: NOTE
     installed size is 11.6Mb
     sub-directories of 1Mb or more:
     libs 11.2Mb
Flavors: r-devel-linux-x86_64-fedora-clang, r-release-macos-arm64, r-release-macos-x86_64, r-oldrel-macos-x86_64