CRAN Package Check Results for Package validann

Last updated on 2022-05-27 21:51:36 CEST.

Flavor Version Tinstall Tcheck Ttotal Status Flags
r-devel-linux-x86_64-debian-clang 1.2.1 3.56 48.39 51.95 NOTE
r-devel-linux-x86_64-debian-gcc 1.2.1 2.75 36.38 39.13 NOTE
r-devel-linux-x86_64-fedora-clang 1.2.1 61.97 NOTE
r-devel-linux-x86_64-fedora-gcc 1.2.1 50.82 NOTE
r-devel-windows-x86_64 1.2.1 21.00 68.00 89.00 OK
r-patched-linux-x86_64 1.2.1 3.06 46.67 49.73 NOTE
r-release-linux-x86_64 1.2.1 2.84 46.13 48.97 NOTE
r-release-macos-arm64 1.2.1 19.00 OK
r-release-macos-x86_64 1.2.1 28.00 OK
r-release-windows-x86_64 1.2.1 18.00 73.00 91.00 OK
r-oldrel-macos-arm64 1.2.1 21.00 OK
r-oldrel-macos-x86_64 1.2.1 37.00 OK
r-oldrel-windows-ix86+x86_64 1.2.1 7.00 63.00 70.00 OK

Check Details

Version: 1.2.1
Check: for non-standard things in the check directory
Result: NOTE
    Found the following files/directories:
     'PredValidationPlots.pdf' 'RepStructValidationPlots.pdf'
Flavors: r-devel-linux-x86_64-debian-clang, r-devel-linux-x86_64-debian-gcc, r-devel-linux-x86_64-fedora-clang, r-devel-linux-x86_64-fedora-gcc, r-patched-linux-x86_64, r-release-linux-x86_64