Last updated on 2023-02-07 19:58:26 CET.
Flavor | Version | Tinstall | Tcheck | Ttotal | Status | Flags |
---|---|---|---|---|---|---|
r-devel-linux-x86_64-debian-clang | 0.1.0 | 3.61 | 44.23 | 47.84 | OK | |
r-devel-linux-x86_64-debian-gcc | 0.1.0 | 2.64 | 33.24 | 35.88 | OK | |
r-devel-linux-x86_64-fedora-clang | 0.1.0 | 62.25 | NOTE | |||
r-devel-linux-x86_64-fedora-gcc | 0.1.0 | 67.88 | NOTE | |||
r-devel-windows-x86_64 | 0.1.0 | 22.00 | 79.00 | 101.00 | OK | |
r-patched-linux-x86_64 | 0.1.0 | 2.53 | 43.18 | 45.71 | OK | |
r-release-linux-x86_64 | 0.1.0 | 2.90 | 42.98 | 45.88 | OK | |
r-release-macos-arm64 | 0.1.0 | 24.00 | NOTE | |||
r-release-macos-x86_64 | 0.1.0 | 36.00 | NOTE | |||
r-release-windows-x86_64 | 0.1.0 | 25.00 | 89.00 | 114.00 | OK | |
r-oldrel-macos-arm64 | 0.1.0 | 23.00 | NOTE | |||
r-oldrel-macos-x86_64 | 0.1.0 | 35.00 | NOTE | |||
r-oldrel-windows-ix86+x86_64 | 0.1.0 | 11.00 | 72.00 | 83.00 | OK |
Version: 0.1.0
Check: dependencies in R code
Result: NOTE
Namespaces in Imports field not imported from:
‘BBmisc’ ‘badger’
All declared Imports should be used.
Flavors: r-devel-linux-x86_64-fedora-clang, r-devel-linux-x86_64-fedora-gcc, r-release-macos-arm64, r-release-macos-x86_64, r-oldrel-macos-arm64, r-oldrel-macos-x86_64