CRAN Package Check Results for Package vampyr

Last updated on 2022-01-25 19:50:49 CET.

Flavor Version Tinstall Tcheck Ttotal Status Flags
r-devel-linux-x86_64-debian-clang 1.1.1 20.08 173.67 193.75 OK
r-devel-linux-x86_64-debian-gcc 1.1.1 19.15 128.69 147.84 OK
r-devel-linux-x86_64-fedora-clang 1.1.1 245.99 OK
r-devel-linux-x86_64-fedora-gcc 1.1.1 227.78 OK
r-devel-windows-x86_64-new-UL 1.1.1 26.00 167.00 193.00 OK
r-devel-windows-x86_64-new-TK 1.1.1 ERROR
r-patched-linux-x86_64 1.1.1 24.51 151.20 175.71 OK
r-release-linux-x86_64 1.1.1 16.47 153.65 170.12 OK
r-release-macos-arm64 1.1.1 OK
r-release-macos-x86_64 1.1.1 OK
r-release-windows-ix86+x86_64 1.1.1 46.00 166.00 212.00 OK
r-oldrel-macos-x86_64 1.1.1 OK
r-oldrel-windows-ix86+x86_64 1.1.1 46.00 165.00 211.00 OK

Check Details

Version: 1.1.1
Check: package dependencies
Result: ERROR
    Package required but not available: 'semPlot'
    
    See section 'The DESCRIPTION file' in the 'Writing R Extensions'
    manual.
Flavor: r-devel-windows-x86_64-new-TK