CRAN Package Check Results for Package vapour

Last updated on 2021-12-01 19:51:53 CET.

Flavor Version Tinstall Tcheck Ttotal Status Flags
r-devel-linux-x86_64-debian-clang 0.8.5 64.94 56.04 120.98 OK
r-devel-linux-x86_64-debian-gcc 0.8.5 44.65 43.87 88.52 OK
r-devel-linux-x86_64-fedora-clang 0.8.5 194.07 NOTE
r-devel-linux-x86_64-fedora-gcc 0.8.5 158.84 OK
r-devel-windows-x86_64-new-UL 0.8.5 155.00 636.00 791.00 NOTE
r-devel-windows-x86_64-new-TK 0.8.5 OK
r-devel-windows-x86_64-old 0.8.5 99.00 191.00 290.00 NOTE
r-patched-linux-x86_64 0.8.5 52.21 53.85 106.06 OK
r-patched-solaris-x86 0.8.5 153.30 OK
r-release-linux-x86_64 0.8.5 52.73 53.88 106.61 OK
r-release-macos-arm64 0.8.5 NOTE
r-release-macos-x86_64 0.8.5 NOTE
r-release-windows-ix86+x86_64 0.8.5 198.00 383.00 581.00 NOTE
r-oldrel-macos-x86_64 0.8.5 NOTE
r-oldrel-windows-ix86+x86_64 0.8.5 148.00 469.00 617.00 NOTE

Additional issues

clang-UBSAN

Check Details

Version: 0.8.5
Check: installed package size
Result: NOTE
     installed size is 5.0Mb
     sub-directories of 1Mb or more:
     extdata 1.1Mb
     libs 2.7Mb
Flavors: r-devel-linux-x86_64-fedora-clang, r-devel-windows-x86_64-new-UL, r-devel-windows-x86_64-old, r-release-macos-arm64, r-release-macos-x86_64, r-release-windows-ix86+x86_64, r-oldrel-macos-x86_64, r-oldrel-windows-ix86+x86_64