CRAN Package Check Results for Package vardpoor

Last updated on 2022-11-30 19:53:42 CET.

Flavor Version Tinstall Tcheck Ttotal Status Flags
r-devel-linux-x86_64-debian-clang 0.20.1 13.61 109.61 123.22 NOTE
r-devel-linux-x86_64-debian-gcc 0.20.1 11.58 78.70 90.28 NOTE
r-devel-linux-x86_64-fedora-clang 0.20.1 150.33 NOTE
r-devel-linux-x86_64-fedora-gcc 0.20.1 141.73 NOTE
r-devel-windows-x86_64 0.20.1 28.00 119.00 147.00 NOTE
r-patched-linux-x86_64 0.20.1 13.22 95.90 109.12 NOTE
r-release-linux-x86_64 0.20.1 13.64 93.00 106.64 NOTE
r-release-macos-arm64 0.20.1 34.00 NOTE
r-release-macos-x86_64 0.20.1 46.00 NOTE
r-release-windows-x86_64 0.20.1 31.00 111.00 142.00 NOTE
r-oldrel-macos-arm64 0.20.1 40.00 NOTE
r-oldrel-macos-x86_64 0.20.1 65.00 NOTE
r-oldrel-windows-ix86+x86_64 0.20.1 24.00 101.00 125.00 NOTE

Check Details

Version: 0.20.1
Check: package subdirectories
Result: NOTE
    Problems with news in 'NEWS.md':
    No news entries found.
Flavors: r-devel-linux-x86_64-debian-clang, r-devel-linux-x86_64-debian-gcc, r-devel-linux-x86_64-fedora-clang, r-devel-linux-x86_64-fedora-gcc, r-devel-windows-x86_64

Version: 0.20.1
Check: LazyData
Result: NOTE
     'LazyData' is specified without a 'data' directory
Flavors: r-devel-linux-x86_64-debian-clang, r-devel-linux-x86_64-debian-gcc, r-devel-linux-x86_64-fedora-clang, r-devel-linux-x86_64-fedora-gcc, r-devel-windows-x86_64, r-patched-linux-x86_64, r-release-linux-x86_64, r-release-macos-arm64, r-release-macos-x86_64, r-release-windows-x86_64, r-oldrel-macos-arm64, r-oldrel-macos-x86_64, r-oldrel-windows-ix86+x86_64