CRAN Package Check Results for Package variantspark

Last updated on 2022-05-28 21:50:54 CEST.

Flavor Version Tinstall Tcheck Ttotal Status Flags
r-devel-linux-x86_64-debian-clang 0.1.1 8.65 74.63 83.28 NOTE
r-devel-linux-x86_64-debian-gcc 0.1.1 6.89 55.71 62.60 NOTE
r-devel-linux-x86_64-fedora-clang 0.1.1 97.48 NOTE
r-devel-linux-x86_64-fedora-gcc 0.1.1 90.07 NOTE
r-devel-windows-x86_64 0.1.1 28.00 91.00 119.00 NOTE
r-patched-linux-x86_64 0.1.1 7.32 69.95 77.27 NOTE
r-release-linux-x86_64 0.1.1 7.16 68.22 75.38 NOTE
r-release-macos-arm64 0.1.1 28.00 NOTE
r-release-macos-x86_64 0.1.1 49.00 NOTE
r-release-windows-x86_64 0.1.1 35.00 88.00 123.00 NOTE
r-oldrel-macos-arm64 0.1.1 32.00 NOTE
r-oldrel-macos-x86_64 0.1.1 53.00 NOTE
r-oldrel-windows-ix86+x86_64 0.1.1 18.00 85.00 103.00 NOTE

Check Details

Version: 0.1.1
Check: LazyData
Result: NOTE
     'LazyData' is specified without a 'data' directory
Flavors: r-devel-linux-x86_64-debian-clang, r-devel-linux-x86_64-debian-gcc, r-devel-linux-x86_64-fedora-clang, r-devel-linux-x86_64-fedora-gcc, r-devel-windows-x86_64, r-patched-linux-x86_64, r-release-linux-x86_64, r-release-macos-arm64, r-release-macos-x86_64, r-release-windows-x86_64, r-oldrel-macos-arm64, r-oldrel-macos-x86_64, r-oldrel-windows-ix86+x86_64