CRAN Package Check Results for Package vcpen

Last updated on 2021-11-30 19:51:40 CET.

Flavor Version Tinstall Tcheck Ttotal Status Flags
r-devel-linux-x86_64-debian-clang 1.8 50.33 71.05 121.38 OK
r-devel-linux-x86_64-debian-gcc 1.8 39.83 59.54 99.37 ERROR
r-devel-linux-x86_64-fedora-clang 1.8 187.74 ERROR
r-devel-linux-x86_64-fedora-gcc 1.8 164.32 ERROR
r-devel-windows-x86_64-new-UL 1.8 72.00 137.00 209.00 OK
r-devel-windows-x86_64-new-TK 1.8 ERROR
r-devel-windows-x86_64-old 1.8 68.00 79.00 147.00 ERROR
r-patched-linux-x86_64 1.8 45.53 71.63 117.16 OK
r-patched-solaris-x86 1.8 157.10 OK
r-release-linux-x86_64 1.8 45.27 71.14 116.41 OK
r-release-macos-arm64 1.8 OK
r-release-macos-x86_64 1.8 OK
r-release-windows-ix86+x86_64 1.8 127.00 100.00 227.00 OK
r-oldrel-macos-x86_64 1.8 OK
r-oldrel-windows-ix86+x86_64 1.8 88.00 151.00 239.00 OK

Check Details

Version: 1.8
Check: tests
Result: ERROR
     Running ‘testthat.R’ [7s/12s]
    Running the tests in ‘tests/testthat.R’ failed.
    Complete output:
     > library(testthat)
     > library(vcpen)
     >
     > test_check("vcpen")
     ══ Failed tests ════════════════════════════════════════════════════════════════
     ── Failure (test_vcpen.R:33:3): Basic vcpen ────────────────────────────────────
     vcfit$vc not equal to vcfit.save$vc.
     Attributes: < names for current but not for target >
     Attributes: < Length mismatch: comparison on first 0 components >
    
     [ FAIL 1 | WARN 0 | SKIP 0 | PASS 6 ]
     Error: Test failures
     Execution halted
Flavor: r-devel-linux-x86_64-debian-gcc

Version: 1.8
Check: tests
Result: ERROR
     Running ‘testthat.R’ [11s/25s]
    Running the tests in ‘tests/testthat.R’ failed.
    Complete output:
     > library(testthat)
     > library(vcpen)
     >
     > test_check("vcpen")
     ══ Failed tests ════════════════════════════════════════════════════════════════
     ── Failure (test_vcpen.R:33:3): Basic vcpen ────────────────────────────────────
     vcfit$vc not equal to vcfit.save$vc.
     Attributes: < names for current but not for target >
     Attributes: < Length mismatch: comparison on first 0 components >
    
     [ FAIL 1 | WARN 0 | SKIP 0 | PASS 6 ]
     Error: Test failures
     Execution halted
Flavor: r-devel-linux-x86_64-fedora-clang

Version: 1.8
Check: tests
Result: ERROR
     Running ‘testthat.R’ [11s/13s]
    Running the tests in ‘tests/testthat.R’ failed.
    Complete output:
     > library(testthat)
     > library(vcpen)
     >
     > test_check("vcpen")
     ══ Failed tests ════════════════════════════════════════════════════════════════
     ── Failure (test_vcpen.R:33:3): Basic vcpen ────────────────────────────────────
     vcfit$vc not equal to vcfit.save$vc.
     Attributes: < names for current but not for target >
     Attributes: < Length mismatch: comparison on first 0 components >
    
     [ FAIL 1 | WARN 0 | SKIP 0 | PASS 6 ]
     Error: Test failures
     Execution halted
Flavor: r-devel-linux-x86_64-fedora-gcc

Version: 1.8
Check: tests
Result: ERROR
     Running 'testthat.R'
    Running the tests in 'tests/testthat.R' failed.
    Complete output:
     > library(testthat)
     > library(vcpen)
     >
     > test_check("vcpen")
     ══ Failed tests ════════════════════════════════════════════════════════════════
     ── Failure (test_vcpen.R:33:3): Basic vcpen ────────────────────────────────────
     vcfit$vc not equal to vcfit.save$vc.
     Attributes: < names for current but not for target >
     Attributes: < Length mismatch: comparison on first 0 components >
    
     [ FAIL 1 | WARN 0 | SKIP 0 | PASS 6 ]
     Error: Test failures
     Execution halted
Flavor: r-devel-windows-x86_64-new-TK

Version: 1.8
Check: tests
Result: ERROR
     Running 'testthat.R' [6s]
    Running the tests in 'tests/testthat.R' failed.
    Complete output:
     > library(testthat)
     > library(vcpen)
     >
     > test_check("vcpen")
     == Failed tests ================================================================
     -- Failure (test_vcpen.R:33:3): Basic vcpen ------------------------------------
     vcfit$vc not equal to vcfit.save$vc.
     Attributes: < names for current but not for target >
     Attributes: < Length mismatch: comparison on first 0 components >
    
     [ FAIL 1 | WARN 0 | SKIP 0 | PASS 6 ]
     Error: Test failures
     Execution halted
Flavor: r-devel-windows-x86_64-old