CRAN Package Check Results for Package vegdata

Last updated on 2022-05-25 21:53:15 CEST.

Flavor Version Tinstall Tcheck Ttotal Status Flags
r-devel-linux-x86_64-debian-clang 0.9.10 7.85 124.88 132.73 OK
r-devel-linux-x86_64-debian-gcc 0.9.10 7.84 94.89 102.73 OK
r-devel-linux-x86_64-fedora-clang 0.9.10 157.52 NOTE
r-devel-linux-x86_64-fedora-gcc 0.9.10 146.06 NOTE
r-devel-windows-x86_64 0.9.10 32.00 177.00 209.00 OK
r-patched-linux-x86_64 0.9.10 8.81 118.94 127.75 OK
r-release-linux-x86_64 0.9.10 OK
r-release-macos-arm64 0.9.10 62.00 NOTE
r-release-macos-x86_64 0.9.10 92.00 NOTE
r-release-windows-x86_64 0.9.10 37.00 175.00 212.00 OK
r-oldrel-macos-arm64 0.9.10 58.00 NOTE
r-oldrel-macos-x86_64 0.9.10 71.00 NOTE
r-oldrel-windows-ix86+x86_64 0.9.10 19.00 150.00 169.00 OK

Check Details

Version: 0.9.10
Check: dependencies in R code
Result: NOTE
    Namespaces in Imports field not imported from:
     ‘readr’ ‘rlang’ ‘tibble’
     All declared Imports should be used.
Flavors: r-devel-linux-x86_64-fedora-clang, r-devel-linux-x86_64-fedora-gcc, r-release-macos-arm64, r-release-macos-x86_64, r-oldrel-macos-arm64, r-oldrel-macos-x86_64