CRAN Package Check Results for Package vennLasso

Last updated on 2021-03-07 19:49:12 CET.

Flavor Version Tinstall Tcheck Ttotal Status Flags
r-devel-linux-x86_64-debian-clang 0.1.6 88.75 201.06 289.81 OK
r-devel-linux-x86_64-debian-gcc 0.1.6 71.40 146.97 218.37 OK
r-devel-linux-x86_64-fedora-clang 0.1.6 373.54 NOTE
r-devel-linux-x86_64-fedora-gcc 0.1.6 355.08 OK
r-devel-windows-ix86+x86_64 0.1.6 174.00 306.00 480.00 OK
r-devel-windows-x86_64-gcc10-UCRT 0.1.6 OK
r-patched-linux-x86_64 0.1.6 78.64 183.44 262.08 OK
r-patched-solaris-x86 0.1.6 449.70 OK
r-release-linux-x86_64 0.1.6 77.91 184.84 262.75 OK
r-release-macos-x86_64 0.1.6 NOTE
r-release-windows-ix86+x86_64 0.1.6 131.00 233.00 364.00 OK
r-oldrel-macos-x86_64 0.1.6 NOTE
r-oldrel-windows-ix86+x86_64 0.1.6 122.00 221.00 343.00 OK

Check Details

Version: 0.1.6
Check: installed package size
Result: NOTE
     installed size is 25.0Mb
     sub-directories of 1Mb or more:
     libs 24.5Mb
Flavors: r-devel-linux-x86_64-fedora-clang, r-release-macos-x86_64, r-oldrel-macos-x86_64