CRAN Package Check Results for Package vglmer

Last updated on 2024-03-02 19:50:33 CET.

Flavor Version Tinstall Tcheck Ttotal Status Flags
r-devel-linux-x86_64-debian-clang 1.0.3 103.04 176.31 279.35 NOTE
r-devel-linux-x86_64-debian-gcc 1.0.3 80.33 131.67 212.00 NOTE
r-devel-linux-x86_64-fedora-clang 1.0.3 351.84 NOTE
r-devel-linux-x86_64-fedora-gcc 1.0.3 303.55 NOTE
r-devel-windows-x86_64 1.0.3 74.00 150.00 224.00 OK
r-patched-linux-x86_64 1.0.3 74.79 169.50 244.29 OK
r-release-linux-x86_64 1.0.3 73.27 171.42 244.69 OK
r-release-macos-arm64 1.0.3 97.00 NOTE
r-release-macos-x86_64 1.0.3 162.00 NOTE
r-release-windows-x86_64 1.0.3 99.00 187.00 286.00 OK
r-oldrel-macos-arm64 1.0.3 75.00 NOTE
r-oldrel-windows-x86_64 1.0.3 92.00 188.00 280.00 OK

Check Details

Version: 1.0.3
Check: Rd files
Result: NOTE checkRd: (-1) LinRegChol.Rd:21: Lost braces; missing escapes or markup? 21 | Do linear regression of form (X^T O X + P)^{-1} X^T y where O is omega, P is | ^ Flavors: r-devel-linux-x86_64-debian-clang, r-devel-linux-x86_64-debian-gcc, r-devel-linux-x86_64-fedora-clang, r-devel-linux-x86_64-fedora-gcc

Version: 1.0.3
Check: installed package size
Result: NOTE installed size is 7.9Mb sub-directories of 1Mb or more: libs 7.5Mb Flavors: r-release-macos-arm64, r-release-macos-x86_64, r-oldrel-macos-arm64