CRAN Package Check Results for Package vimpclust

Last updated on 2021-12-01 19:51:53 CET.

Flavor Version Tinstall Tcheck Ttotal Status Flags
r-devel-linux-x86_64-debian-clang 0.1.0 5.12 280.15 285.27 OK
r-devel-linux-x86_64-debian-gcc 0.1.0 3.74 198.26 202.00 OK
r-devel-linux-x86_64-fedora-clang 0.1.0 347.99 NOTE
r-devel-linux-x86_64-fedora-gcc 0.1.0 320.35 NOTE
r-devel-windows-x86_64-new-UL 0.1.0 14.00 329.00 343.00 OK
r-devel-windows-x86_64-new-TK 0.1.0 NOTE
r-devel-windows-x86_64-old 0.1.0 10.00 251.00 261.00 OK
r-patched-linux-x86_64 0.1.0 5.73 260.93 266.66 OK
r-patched-solaris-x86 0.1.0 105.10 NOTE
r-release-linux-x86_64 0.1.0 4.70 260.58 265.28 OK
r-release-macos-arm64 0.1.0 NOTE
r-release-macos-x86_64 0.1.0 NOTE
r-release-windows-ix86+x86_64 0.1.0 14.00 231.00 245.00 OK
r-oldrel-macos-x86_64 0.1.0 NOTE
r-oldrel-windows-ix86+x86_64 0.1.0 11.00 240.00 251.00 OK

Check Details

Version: 0.1.0
Check: dependencies in R code
Result: NOTE
    Namespaces in Imports field not imported from:
     ‘mclust’ ‘rlang’
     All declared Imports should be used.
Flavors: r-devel-linux-x86_64-fedora-clang, r-devel-linux-x86_64-fedora-gcc, r-devel-windows-x86_64-new-TK, r-patched-solaris-x86, r-release-macos-arm64, r-release-macos-x86_64, r-oldrel-macos-x86_64