Last updated on 2022-05-24 21:51:56 CEST.
Flavor | Version | Tinstall | Tcheck | Ttotal | Status | Flags |
---|---|---|---|---|---|---|
r-devel-linux-x86_64-debian-clang | 1.1.5 | 12.79 | 121.19 | 133.98 | OK | |
r-devel-linux-x86_64-debian-gcc | 1.1.5 | 13.03 | 93.01 | 106.04 | OK | |
r-devel-linux-x86_64-fedora-clang | 1.1.5 | 163.81 | NOTE | |||
r-devel-linux-x86_64-fedora-gcc | 1.1.5 | 151.23 | NOTE | |||
r-devel-windows-x86_64 | 1.1.5 | 34.00 | 155.00 | 189.00 | OK | |
r-patched-linux-x86_64 | 1.1.5 | 16.31 | 115.10 | 131.41 | OK | |
r-release-linux-x86_64 | 1.1.5 | OK | ||||
r-release-macos-arm64 | 1.1.5 | 47.00 | OK | |||
r-release-macos-x86_64 | 1.1.5 | 66.00 | OK | |||
r-release-windows-x86_64 | 1.1.5 | 36.00 | 147.00 | 183.00 | OK | |
r-oldrel-macos-arm64 | 1.1.5 | 51.00 | OK | |||
r-oldrel-macos-x86_64 | 1.1.5 | 92.00 | OK | |||
r-oldrel-windows-ix86+x86_64 | 1.1.5 | 36.00 | 190.00 | 226.00 | OK |
Version: 1.1.5
Check: compiled code
Result: NOTE
File ‘vines/libs/vines.so’:
Found no call to: ‘R_useDynamicSymbols’
It is good practice to register native routines and to disable symbol
search.
See ‘Writing portable packages’ in the ‘Writing R Extensions’ manual.
Flavors: r-devel-linux-x86_64-fedora-clang, r-devel-linux-x86_64-fedora-gcc