Last updated on 2021-03-03 19:48:21 CET.
Flavor | Version | Tinstall | Tcheck | Ttotal | Status | Flags |
---|---|---|---|---|---|---|
r-devel-linux-x86_64-debian-clang | 1.0 | 2.29 | 24.25 | 26.54 | OK | |
r-devel-linux-x86_64-debian-gcc | 1.0 | 1.72 | 19.15 | 20.87 | OK | |
r-devel-linux-x86_64-fedora-clang | 1.0 | 42.93 | NOTE | |||
r-devel-linux-x86_64-fedora-gcc | 1.0 | 31.66 | NOTE | |||
r-devel-windows-ix86+x86_64 | 1.0 | 6.00 | 40.00 | 46.00 | OK | |
r-patched-linux-x86_64 | 1.0 | 2.19 | 23.71 | 25.90 | OK | |
r-patched-solaris-x86 | 1.0 | 52.50 | NOTE | |||
r-release-linux-x86_64 | 1.0 | 2.20 | 23.78 | 25.98 | OK | |
r-release-macos-x86_64 | 1.0 | NOTE | ||||
r-release-windows-ix86+x86_64 | 1.0 | 5.00 | 31.00 | 36.00 | OK | |
r-oldrel-macos-x86_64 | 1.0 | NOTE | ||||
r-oldrel-windows-ix86+x86_64 | 1.0 | 4.00 | 39.00 | 43.00 | OK |
Version: 1.0
Check: dependencies in R code
Result: NOTE
Namespaces in Imports field not imported from:
‘devtools’ ‘diptest’
All declared Imports should be used.
Flavors: r-devel-linux-x86_64-fedora-clang, r-devel-linux-x86_64-fedora-gcc, r-patched-solaris-x86, r-release-macos-x86_64, r-oldrel-macos-x86_64