CRAN Package Check Results for Package visStatistics

Last updated on 2022-05-26 21:50:21 CEST.

Flavor Version Tinstall Tcheck Ttotal Status Flags
r-devel-linux-x86_64-debian-clang 0.1.1 3.42 47.02 50.44 NOTE
r-devel-linux-x86_64-debian-gcc 0.1.1 3.49 39.09 42.58 NOTE
r-devel-linux-x86_64-fedora-clang 0.1.1 62.99 NOTE
r-devel-linux-x86_64-fedora-gcc 0.1.1 51.28 NOTE
r-devel-windows-x86_64 0.1.1 28.00 63.00 91.00 NOTE
r-patched-linux-x86_64 0.1.1 3.59 45.50 49.09 NOTE
r-release-linux-x86_64 0.1.1 3.94 44.99 48.93 NOTE
r-release-macos-arm64 0.1.1 20.00 NOTE
r-release-macos-x86_64 0.1.1 30.00 NOTE
r-release-windows-x86_64 0.1.1 38.00 70.00 108.00 NOTE
r-oldrel-macos-arm64 0.1.1 23.00 NOTE
r-oldrel-macos-x86_64 0.1.1 36.00 NOTE
r-oldrel-windows-ix86+x86_64 0.1.1 10.00 60.00 70.00 NOTE

Check Details

Version: 0.1.1
Check: LazyData
Result: NOTE
     'LazyData' is specified without a 'data' directory
Flavors: r-devel-linux-x86_64-debian-clang, r-devel-linux-x86_64-debian-gcc, r-devel-linux-x86_64-fedora-clang, r-devel-linux-x86_64-fedora-gcc, r-devel-windows-x86_64, r-patched-linux-x86_64, r-release-linux-x86_64, r-release-macos-arm64, r-release-macos-x86_64, r-release-windows-x86_64, r-oldrel-macos-arm64, r-oldrel-macos-x86_64, r-oldrel-windows-ix86+x86_64