CRAN Package Check Results for Package vistime

Last updated on 2021-11-28 19:49:10 CET.

Flavor Version Tinstall Tcheck Ttotal Status Flags
r-devel-linux-x86_64-debian-clang 1.2.1 OK
r-devel-linux-x86_64-debian-gcc 1.2.1 5.95 67.69 73.64 OK
r-devel-linux-x86_64-fedora-clang 1.2.1 128.03 NOTE
r-devel-linux-x86_64-fedora-gcc 1.2.1 106.59 OK
r-devel-windows-x86_64-new-UL 1.2.1 19.00 146.00 165.00 NOTE
r-devel-windows-x86_64-new-TK 1.2.1 OK
r-devel-windows-x86_64-old 1.2.1 12.00 120.00 132.00 NOTE
r-patched-linux-x86_64 1.2.1 6.25 83.65 89.90 OK
r-patched-solaris-x86 1.2.1 133.10 NOTE
r-release-linux-x86_64 1.2.1 6.32 83.56 89.88 OK
r-release-macos-arm64 1.2.1 NOTE
r-release-macos-x86_64 1.2.1 WARN
r-release-windows-ix86+x86_64 1.2.1 17.00 88.00 105.00 NOTE
r-oldrel-macos-x86_64 1.2.1 WARN
r-oldrel-windows-ix86+x86_64 1.2.1 18.00 125.00 143.00 NOTE

Check Details

Version: 1.2.1
Check: installed package size
Result: NOTE
     installed size is 6.2Mb
     sub-directories of 1Mb or more:
     doc 5.9Mb
Flavors: r-devel-linux-x86_64-fedora-clang, r-devel-windows-x86_64-new-UL, r-devel-windows-x86_64-old, r-patched-solaris-x86, r-release-macos-arm64, r-release-macos-x86_64, r-release-windows-ix86+x86_64, r-oldrel-macos-x86_64, r-oldrel-windows-ix86+x86_64

Version: 1.2.1
Check: re-building of vignette outputs
Result: WARN
    Error(s) in re-building vignettes:
    --- re-building ‘gg_vistime-vignette.Rmd’ using rmarkdown
    Warning in engine$weave(file, quiet = quiet, encoding = enc) :
     Pandoc (>= 1.12.3) not available. Falling back to R Markdown v1.
    Coordinate system already present. Adding new coordinate system, which will replace the existing one.
    --- finished re-building ‘gg_vistime-vignette.Rmd’
    
    --- re-building ‘hc_vistime-vignette.Rmd’ using rmarkdown
    Warning in engine$weave(file, quiet = quiet, encoding = enc) :
     Pandoc (>= 1.12.3) not available. Falling back to R Markdown v1.
    Quitting from lines 34-41 (hc_vistime-vignette.Rmd)
    Error: processing vignette 'hc_vistime-vignette.Rmd' failed with diagnostics:
    invalid 'path' argument
    --- failed re-building ‘hc_vistime-vignette.Rmd’
    
    --- re-building ‘vistime-vignette.Rmd’ using rmarkdown
    Warning in engine$weave(file, quiet = quiet, encoding = enc) :
     Pandoc (>= 1.12.3) not available. Falling back to R Markdown v1.
    Quitting from lines 32-40 (vistime-vignette.Rmd)
    Error: processing vignette 'vistime-vignette.Rmd' failed with diagnostics:
    invalid 'path' argument
    --- failed re-building ‘vistime-vignette.Rmd’
    
    SUMMARY: processing the following files failed:
     ‘hc_vistime-vignette.Rmd’ ‘vistime-vignette.Rmd’
    
    Error: Vignette re-building failed.
    Execution halted
Flavor: r-release-macos-x86_64

Version: 1.2.1
Check: re-building of vignette outputs
Result: WARN
    Error(s) in re-building vignettes:
    --- re-building ‘gg_vistime-vignette.Rmd’ using rmarkdown
    Warning in engine$weave(file, quiet = quiet, encoding = enc) :
     Pandoc (>= 1.12.3) and/or pandoc-citeproc not available. Falling back to R Markdown v1.
    Coordinate system already present. Adding new coordinate system, which will replace the existing one.
    --- finished re-building ‘gg_vistime-vignette.Rmd’
    
    --- re-building ‘hc_vistime-vignette.Rmd’ using rmarkdown
    Warning in engine$weave(file, quiet = quiet, encoding = enc) :
     Pandoc (>= 1.12.3) and/or pandoc-citeproc not available. Falling back to R Markdown v1.
    Quitting from lines 34-41 (hc_vistime-vignette.Rmd)
    Error: processing vignette 'hc_vistime-vignette.Rmd' failed with diagnostics:
    invalid 'path' argument
    --- failed re-building ‘hc_vistime-vignette.Rmd’
    
    --- re-building ‘vistime-vignette.Rmd’ using rmarkdown
    Warning in engine$weave(file, quiet = quiet, encoding = enc) :
     Pandoc (>= 1.12.3) and/or pandoc-citeproc not available. Falling back to R Markdown v1.
    Quitting from lines 32-40 (vistime-vignette.Rmd)
    Error: processing vignette 'vistime-vignette.Rmd' failed with diagnostics:
    invalid 'path' argument
    --- failed re-building ‘vistime-vignette.Rmd’
    
    SUMMARY: processing the following files failed:
     ‘hc_vistime-vignette.Rmd’ ‘vistime-vignette.Rmd’
    
    Error: Vignette re-building failed.
    Execution halted
Flavor: r-oldrel-macos-x86_64