CRAN Package Check Results for Package visualFields

Last updated on 2021-12-04 19:53:15 CET.

Flavor Version Tinstall Tcheck Ttotal Status Flags
r-devel-linux-x86_64-debian-clang 1.0 30.11 160.85 190.96 OK
r-devel-linux-x86_64-debian-gcc 1.0 24.23 120.54 144.77 OK
r-devel-linux-x86_64-fedora-clang 1.0 240.80 NOTE
r-devel-linux-x86_64-fedora-gcc 1.0 214.88 OK
r-devel-windows-x86_64-new-UL 1.0 58.00 196.00 254.00 NOTE
r-devel-windows-x86_64-new-TK 1.0 OK
r-devel-windows-x86_64-old 1.0 48.00 133.00 181.00 NOTE
r-patched-linux-x86_64 1.0 36.24 143.37 179.61 OK
r-release-linux-x86_64 1.0 27.93 143.83 171.76 OK
r-release-macos-arm64 1.0 NOTE
r-release-macos-x86_64 1.0 NOTE
r-release-windows-ix86+x86_64 1.0 57.00 177.00 234.00 NOTE
r-oldrel-macos-x86_64 1.0 NOTE
r-oldrel-windows-ix86+x86_64 1.0 57.00 176.00 233.00 NOTE

Check Details

Version: 1.0
Check: installed package size
Result: NOTE
     installed size is 6.3Mb
     sub-directories of 1Mb or more:
     data 5.9Mb
Flavors: r-devel-linux-x86_64-fedora-clang, r-devel-windows-x86_64-new-UL, r-devel-windows-x86_64-old, r-release-macos-arm64, r-release-macos-x86_64, r-release-windows-ix86+x86_64, r-oldrel-macos-x86_64, r-oldrel-windows-ix86+x86_64