Last updated on 2023-12-07 19:58:48 CET.
Flavor | Version | Tinstall | Tcheck | Ttotal | Status | Flags |
---|---|---|---|---|---|---|
r-devel-linux-x86_64-debian-clang | 0.2.0 | 33.32 | 494.67 | 527.99 | NOTE | |
r-devel-linux-x86_64-debian-gcc | 0.2.0 | 28.23 | 363.93 | 392.16 | NOTE | |
r-devel-linux-x86_64-fedora-clang | 0.2.0 | 669.80 | NOTE | |||
r-devel-linux-x86_64-fedora-gcc | 0.2.0 | 698.26 | NOTE | |||
r-devel-windows-x86_64 | 0.2.0 | 26.00 | 340.00 | 366.00 | NOTE | |
r-patched-linux-x86_64 | 0.2.0 | 22.68 | 480.68 | 503.36 | OK | |
r-release-linux-x86_64 | 0.2.0 | 19.91 | 464.09 | 484.00 | OK | |
r-release-macos-arm64 | 0.2.0 | 170.00 | OK | |||
r-release-macos-x86_64 | 0.2.0 | 479.00 | OK | |||
r-release-windows-x86_64 | 0.2.0 | 35.00 | 435.00 | 470.00 | OK | |
r-oldrel-macos-arm64 | 0.2.0 | 145.00 | OK | |||
r-oldrel-macos-x86_64 | 0.2.0 | 223.00 | OK | |||
r-oldrel-windows-x86_64 | 0.2.0 | 35.00 | 428.00 | 463.00 | OK |
Version: 0.2.0
Check: Rd \usage sections
Result: NOTE
Documented arguments not in \usage in Rd file 'blendColor.Rd':
‘color’ ‘percent’
Functions with \usage entries need to have the appropriate \alias
entries, and all their arguments documented.
The \usage entries must correspond to syntactically valid R code.
See chapter ‘Writing R documentation files’ in the ‘Writing R
Extensions’ manual.
Flavors: r-devel-linux-x86_64-debian-clang, r-devel-linux-x86_64-debian-gcc, r-devel-linux-x86_64-fedora-clang, r-devel-linux-x86_64-fedora-gcc, r-devel-windows-x86_64