CRAN Package Check Results for Package votesmart

Last updated on 2021-11-26 20:49:52 CET.

Flavor Version Tinstall Tcheck Ttotal Status Flags
r-devel-linux-x86_64-debian-clang 0.1.0 5.34 49.55 54.89 OK
r-devel-linux-x86_64-debian-gcc 0.1.0 3.21 37.77 40.98 OK
r-devel-linux-x86_64-fedora-clang 0.1.0 74.80 NOTE
r-devel-linux-x86_64-fedora-gcc 0.1.0 64.53 NOTE
r-devel-windows-x86_64-new-UL 0.1.0 15.00 90.00 105.00 OK
r-devel-windows-x86_64-new-TK 0.1.0 NOTE
r-devel-windows-x86_64-old 0.1.0 10.00 71.00 81.00 OK
r-patched-linux-x86_64 0.1.0 5.38 46.14 51.52 OK
r-patched-solaris-x86 0.1.0 91.00 NOTE
r-release-linux-x86_64 0.1.0 OK
r-release-macos-arm64 0.1.0 NOTE
r-release-macos-x86_64 0.1.0 NOTE
r-release-windows-ix86+x86_64 0.1.0 13.00 51.00 64.00 OK
r-oldrel-macos-x86_64 0.1.0 NOTE
r-oldrel-windows-ix86+x86_64 0.1.0 12.00 70.00 82.00 OK

Check Details

Version: 0.1.0
Check: dependencies in R code
Result: NOTE
    Namespace in Imports field not imported from: ‘glue’
     All declared Imports should be used.
Flavors: r-devel-linux-x86_64-fedora-clang, r-devel-linux-x86_64-fedora-gcc, r-devel-windows-x86_64-new-TK, r-patched-solaris-x86, r-release-macos-arm64, r-release-macos-x86_64, r-oldrel-macos-x86_64