CRAN Package Check Results for Package vscc

Last updated on 2022-01-28 19:51:15 CET.

Flavor Version Tinstall Tcheck Ttotal Status Flags
r-devel-linux-x86_64-debian-clang 0.2 2.30 66.84 69.14 NOTE
r-devel-linux-x86_64-debian-gcc 0.2 1.65 46.88 48.53 NOTE
r-devel-linux-x86_64-fedora-clang 0.2 83.20 NOTE
r-devel-linux-x86_64-fedora-gcc 0.2 72.67 NOTE
r-devel-windows-x86_64-new-UL 0.2 15.00 85.00 100.00 NOTE
r-devel-windows-x86_64-new-TK 0.2 NOTE
r-patched-linux-x86_64 0.2 3.22 63.32 66.54 NOTE
r-release-linux-x86_64 0.2 1.59 64.30 65.89 NOTE
r-release-macos-arm64 0.2 NOTE
r-release-macos-x86_64 0.2 NOTE
r-release-windows-ix86+x86_64 0.2 5.00 85.00 90.00 NOTE
r-oldrel-macos-x86_64 0.2 NOTE
r-oldrel-windows-ix86+x86_64 0.2 5.00 84.00 89.00 NOTE

Check Details

Version: 0.2
Check: R code for possible problems
Result: NOTE
    plot.vscc: no visible global function definition for 'rainbow'
    plot.vscc: no visible global function definition for 'pairs'
    Undefined global functions or variables:
     pairs rainbow
    Consider adding
     importFrom("grDevices", "rainbow")
     importFrom("graphics", "pairs")
    to your NAMESPACE file.
Flavors: r-devel-linux-x86_64-debian-clang, r-devel-linux-x86_64-debian-gcc, r-devel-linux-x86_64-fedora-clang, r-devel-linux-x86_64-fedora-gcc, r-devel-windows-x86_64-new-UL, r-devel-windows-x86_64-new-TK, r-patched-linux-x86_64, r-release-linux-x86_64, r-release-macos-arm64, r-release-macos-x86_64, r-release-windows-ix86+x86_64, r-oldrel-macos-x86_64, r-oldrel-windows-ix86+x86_64