CRAN Package Check Results for Package wISAM

Last updated on 2021-12-03 19:50:32 CET.

Flavor Version Tinstall Tcheck Ttotal Status Flags
r-devel-linux-x86_64-debian-clang 0.2.8 3.17 40.75 43.92 OK
r-devel-linux-x86_64-debian-gcc 0.2.8 2.13 31.44 33.57 OK
r-devel-linux-x86_64-fedora-clang 0.2.8 65.93 NOTE
r-devel-linux-x86_64-fedora-gcc 0.2.8 53.14 NOTE
r-devel-windows-x86_64-new-UL 0.2.8 11.00 79.00 90.00 OK
r-devel-windows-x86_64-new-TK 0.2.8 NOTE
r-devel-windows-x86_64-old 0.2.8 8.00 49.00 57.00 OK
r-patched-linux-x86_64 0.2.8 2.83 38.59 41.42 OK
r-release-linux-x86_64 0.2.8 3.00 38.71 41.71 OK
r-release-macos-arm64 0.2.8 NOTE
r-release-macos-x86_64 0.2.8 NOTE
r-release-windows-ix86+x86_64 0.2.8 8.00 64.00 72.00 OK
r-oldrel-macos-x86_64 0.2.8 NOTE
r-oldrel-windows-ix86+x86_64 0.2.8 9.00 63.00 72.00 OK

Check Details

Version: 0.2.8
Check: dependencies in R code
Result: NOTE
    Namespace in Imports field not imported from: ‘MASS’
     All declared Imports should be used.
Flavors: r-devel-linux-x86_64-fedora-clang, r-devel-linux-x86_64-fedora-gcc, r-devel-windows-x86_64-new-TK, r-release-macos-arm64, r-release-macos-x86_64, r-oldrel-macos-x86_64