Last updated on 2023-11-28 19:55:31 CET.
Flavor | Version | Tinstall | Tcheck | Ttotal | Status | Flags |
---|---|---|---|---|---|---|
r-devel-linux-x86_64-debian-clang | 1.0.8 | 660.00 | 286.21 | 946.21 | OK | |
r-devel-linux-x86_64-debian-gcc | 1.0.8 | 541.59 | 246.82 | 788.41 | OK | |
r-devel-linux-x86_64-fedora-clang | 1.0.8 | 1217.47 | NOTE | |||
r-devel-linux-x86_64-fedora-gcc | 1.0.8 | 1479.17 | NOTE | |||
r-devel-windows-x86_64 | 1.0.8 | 477.00 | 266.00 | 743.00 | NOTE | |
r-patched-linux-x86_64 | 1.0.8 | 521.14 | 325.99 | 847.13 | OK | |
r-release-linux-x86_64 | 1.0.8 | 517.12 | 323.34 | 840.46 | OK | |
r-release-macos-arm64 | 1.0.8 | 532.00 | NOTE | |||
r-release-macos-x86_64 | 1.0.8 | 761.00 | NOTE | |||
r-release-windows-x86_64 | 1.0.8 | 619.00 | 333.00 | 952.00 | NOTE | |
r-oldrel-macos-arm64 | 1.0.8 | 396.00 | NOTE | |||
r-oldrel-macos-x86_64 | 1.0.8 | 519.00 | NOTE | |||
r-oldrel-windows-x86_64 | 1.0.8 | 592.00 | 308.00 | 900.00 | NOTE |
Version: 1.0.8
Check: installed package size
Result: NOTE
installed size is 7.1Mb
sub-directories of 1Mb or more:
libs 5.7Mb
Flavors: r-devel-linux-x86_64-fedora-clang, r-devel-windows-x86_64, r-release-macos-arm64, r-release-macos-x86_64, r-release-windows-x86_64, r-oldrel-macos-arm64, r-oldrel-macos-x86_64, r-oldrel-windows-x86_64
Version: 1.0.8
Check: for GNU extensions in Makefiles
Result: NOTE
GNU make is a SystemRequirements.
Flavors: r-devel-linux-x86_64-fedora-clang, r-devel-linux-x86_64-fedora-gcc, r-release-macos-arm64, r-release-macos-x86_64, r-oldrel-macos-arm64, r-oldrel-macos-x86_64