CRAN Package Check Results for Package walrus

Last updated on 2024-05-27 22:56:24 CEST.

Flavor Version Tinstall Tcheck Ttotal Status Flags
r-devel-linux-x86_64-debian-clang 1.0.5 17.82 38.20 56.02 OK
r-devel-linux-x86_64-debian-gcc 1.0.5 15.56 29.58 45.14 OK
r-devel-linux-x86_64-fedora-clang 1.0.5 75.22 NOTE
r-devel-linux-x86_64-fedora-gcc 1.0.5 70.84 NOTE
r-devel-windows-x86_64 1.0.5 17.00 50.00 67.00 OK
r-patched-linux-x86_64 1.0.5 16.03 36.33 52.36 OK
r-release-linux-x86_64 1.0.5 15.19 37.02 52.21 OK
r-release-macos-arm64 1.0.5 23.00 OK
r-release-windows-x86_64 1.0.5 16.00 50.00 66.00 OK
r-oldrel-macos-arm64 1.0.5 27.00 OK
r-oldrel-macos-x86_64 1.0.5 38.00 OK
r-oldrel-windows-x86_64 1.0.5 19.00 57.00 76.00 OK

Check Details

Version: 1.0.5
Check: dependencies in R code
Result: NOTE Namespaces in Imports field not imported from: ‘R6’ ‘WRS2’ ‘ggplot2’ All declared Imports should be used. Flavors: r-devel-linux-x86_64-fedora-clang, r-devel-linux-x86_64-fedora-gcc