CRAN Package Check Results for Package warpMix

Last updated on 2023-12-10 19:49:30 CET.

Flavor Version Tinstall Tcheck Ttotal Status Flags
r-devel-linux-x86_64-debian-clang 0.1.0 14.52 116.05 130.57 NOTE
r-devel-linux-x86_64-debian-gcc 0.1.0 11.73 87.49 99.22 NOTE
r-devel-linux-x86_64-fedora-clang 0.1.0 164.82 NOTE
r-devel-linux-x86_64-fedora-gcc 0.1.0 157.28 NOTE
r-devel-windows-x86_64 0.1.0 13.00 96.00 109.00 NOTE
r-patched-linux-x86_64 0.1.0 9.32 113.95 123.27 NOTE
r-release-linux-x86_64 0.1.0 11.07 115.30 126.37 NOTE
r-release-macos-arm64 0.1.0 55.00 NOTE
r-release-macos-x86_64 0.1.0 88.00 NOTE
r-release-windows-x86_64 0.1.0 16.00 114.00 130.00 NOTE
r-oldrel-macos-arm64 0.1.0 50.00 NOTE
r-oldrel-macos-x86_64 0.1.0 87.00 NOTE
r-oldrel-windows-x86_64 0.1.0 17.00 116.00 133.00 NOTE

Check Details

Version: 0.1.0
Check: LazyData
Result: NOTE 'LazyData' is specified without a 'data' directory Flavors: r-devel-linux-x86_64-debian-clang, r-devel-linux-x86_64-debian-gcc, r-devel-linux-x86_64-fedora-clang, r-devel-linux-x86_64-fedora-gcc, r-devel-windows-x86_64, r-patched-linux-x86_64, r-release-linux-x86_64, r-release-macos-arm64, r-release-macos-x86_64, r-release-windows-x86_64, r-oldrel-macos-arm64, r-oldrel-macos-x86_64, r-oldrel-windows-x86_64

Version: 0.1.0
Check: dependencies in R code
Result: NOTE Namespace in Imports field not imported from: ‘nlme’ All declared Imports should be used. Flavors: r-devel-linux-x86_64-fedora-clang, r-devel-linux-x86_64-fedora-gcc, r-oldrel-macos-arm64, r-oldrel-macos-x86_64