CRAN Package Check Results for Package wav

Last updated on 2024-02-27 19:54:56 CET.

Flavor Version Tinstall Tcheck Ttotal Status Flags
r-devel-linux-x86_64-debian-clang 0.1.0 22.87 29.96 52.83 NOTE
r-devel-linux-x86_64-debian-gcc 0.1.0 17.58 23.13 40.71 NOTE
r-devel-linux-x86_64-fedora-clang 0.1.0 72.99 NOTE
r-devel-linux-x86_64-fedora-gcc 0.1.0 69.59 NOTE
r-devel-windows-x86_64 0.1.0 19.00 64.00 83.00 NOTE
r-patched-linux-x86_64 0.1.0 23.86 29.07 52.93 NOTE
r-release-linux-x86_64 0.1.0 21.48 29.12 50.60 NOTE
r-release-macos-arm64 0.1.0 27.00 NOTE
r-release-macos-x86_64 0.1.0 39.00 NOTE
r-release-windows-x86_64 0.1.0 19.00 71.00 90.00 NOTE
r-oldrel-macos-arm64 0.1.0 25.00 OK
r-oldrel-windows-x86_64 0.1.0 29.00 71.00 100.00 OK

Check Details

Version: 0.1.0
Check: C++ specification
Result: NOTE Specified C++11: please drop specification unless essential Flavors: r-devel-linux-x86_64-debian-clang, r-devel-linux-x86_64-debian-gcc, r-devel-linux-x86_64-fedora-clang, r-devel-linux-x86_64-fedora-gcc, r-devel-windows-x86_64, r-patched-linux-x86_64, r-release-linux-x86_64, r-release-macos-arm64, r-release-macos-x86_64, r-release-windows-x86_64