CRAN Package Check Results for Package waves

Last updated on 2021-12-03 19:50:32 CET.

Flavor Version Tinstall Tcheck Ttotal Status Flags
r-devel-linux-x86_64-debian-clang 0.1.1 20.55 162.76 183.31 OK
r-devel-linux-x86_64-debian-gcc 0.1.1 16.81 120.16 136.97 ERROR
r-devel-linux-x86_64-fedora-clang 0.1.1 211.10 OK
r-devel-linux-x86_64-fedora-gcc 0.1.1 181.66 OK
r-devel-windows-x86_64-new-UL 0.1.1 33.00 197.00 230.00 OK
r-devel-windows-x86_64-new-TK 0.1.1 OK
r-devel-windows-x86_64-old 0.1.1 29.00 137.00 166.00 OK
r-patched-linux-x86_64 0.1.1 19.91 148.86 168.77 OK
r-release-linux-x86_64 0.1.1 17.10 148.86 165.96 OK
r-release-macos-arm64 0.1.1 OK
r-release-macos-x86_64 0.1.1 OK
r-release-windows-ix86+x86_64 0.1.1 42.00 208.00 250.00 OK
r-oldrel-macos-x86_64 0.1.1 OK
r-oldrel-windows-ix86+x86_64 0.1.1 42.00 191.00 233.00 OK

Check Details

Version: 0.1.1
Check: examples
Result: ERROR
    Running examples in ‘waves-Ex.R’ failed
    The error most likely occurred in:
    
    > base::assign(".ptime", proc.time(), pos = "CheckExEnv")
    > ### Name: FilterSpectra
    > ### Title: Filter spectral data frame based on Mahalanobis distance
    > ### Aliases: FilterSpectra
    >
    > ### ** Examples
    >
    > library(magrittr)
    > filtered.test <- ikeogu.2017 %>%
    + dplyr::select(-TCC) %>%
    + na.omit() %>%
    + FilterSpectra(df = .,
    + filter = TRUE,
    + return.distances = TRUE,
    + num.col.before.spectra = 5,
    + window.size = 15)
    Error in FUN(x, aperm(array(STATS, dims[perm]), order(perm)), ...) :
     non-numeric argument to binary operator
    Calls: %>% -> FilterSpectra -> mahalanobis -> sweep
    Execution halted
Flavor: r-devel-linux-x86_64-debian-gcc