Last updated on 2021-01-15 19:48:49 CET.
Flavor | Version | Tinstall | Tcheck | Ttotal | Status | Flags |
---|---|---|---|---|---|---|
r-devel-linux-x86_64-debian-clang | 4.6.8 | 27.25 | 112.47 | 139.72 | OK | |
r-devel-linux-x86_64-debian-gcc | 4.6.8 | 18.45 | 85.28 | 103.73 | OK | |
r-devel-linux-x86_64-fedora-clang | 4.6.8 | 187.52 | NOTE | |||
r-devel-linux-x86_64-fedora-gcc | 4.6.8 | 166.30 | NOTE | |||
r-devel-windows-ix86+x86_64 | 4.6.8 | 49.00 | 157.00 | 206.00 | OK | |
r-patched-linux-x86_64 | 4.6.8 | 21.13 | 104.43 | 125.56 | OK | |
r-patched-solaris-x86 | 4.6.8 | 196.20 | OK | |||
r-release-linux-x86_64 | 4.6.8 | 24.82 | 104.20 | 129.02 | OK | |
r-release-macos-x86_64 | 4.6.8 | OK | ||||
r-release-windows-ix86+x86_64 | 4.6.8 | 49.00 | 138.00 | 187.00 | OK | |
r-oldrel-macos-x86_64 | 4.6.8 | OK | ||||
r-oldrel-windows-ix86+x86_64 | 4.6.8 | 33.00 | 116.00 | 149.00 | OK |
Version: 4.6.8
Check: compiled code
Result: NOTE
File ‘wavethresh/libs/wavethresh.so’:
Found no calls to: ‘R_registerRoutines’, ‘R_useDynamicSymbols’
It is good practice to register native routines and to disable symbol
search.
See ‘Writing portable packages’ in the ‘Writing R Extensions’ manual.
Flavors: r-devel-linux-x86_64-fedora-clang, r-devel-linux-x86_64-fedora-gcc