CRAN Package Check Results for Package wdpar

Last updated on 2021-12-07 19:50:02 CET.

Flavor Version Tinstall Tcheck Ttotal Status Flags
r-devel-linux-x86_64-debian-clang 1.3.1 5.45 75.97 81.42 OK
r-devel-linux-x86_64-debian-gcc 1.3.2 3.83 59.70 63.53 NOTE
r-devel-linux-x86_64-fedora-clang 1.3.2 104.87 NOTE
r-devel-linux-x86_64-fedora-gcc 1.3.2 88.99 NOTE
r-devel-windows-x86_64-new-UL 1.3.2 13.00 91.00 104.00 NOTE
r-devel-windows-x86_64-new-TK 1.3.1 NOTE
r-devel-windows-x86_64-old 1.3.1 11.00 68.00 79.00 OK
r-patched-linux-x86_64 1.3.2 5.69 74.23 79.92 NOTE
r-release-linux-x86_64 1.3.1 4.63 71.63 76.26 OK
r-release-macos-arm64 1.3.2 NOTE
r-release-macos-x86_64 1.3.2 NOTE
r-release-windows-ix86+x86_64 1.3.2 16.00 87.00 103.00 NOTE
r-oldrel-macos-x86_64 1.3.2 NOTE
r-oldrel-windows-ix86+x86_64 1.3.2 11.00 82.00 93.00 NOTE

Check Details

Version: 1.3.2
Check: package dependencies
Result: NOTE
    Package suggested but not available for checking: ‘prepr’
Flavors: r-devel-linux-x86_64-debian-gcc, r-devel-linux-x86_64-fedora-clang, r-devel-linux-x86_64-fedora-gcc, r-devel-windows-x86_64-new-UL, r-patched-linux-x86_64, r-release-macos-arm64, r-release-macos-x86_64, r-release-windows-ix86+x86_64, r-oldrel-macos-x86_64, r-oldrel-windows-ix86+x86_64

Version: 1.3.1
Check: dependencies in R code
Result: NOTE
    Namespace in Imports field not imported from: 'withr'
     All declared Imports should be used.
Flavor: r-devel-windows-x86_64-new-TK