CRAN Package Check Results for Package webr

Last updated on 2024-07-15 21:52:24 CEST.

Flavor Version Tinstall Tcheck Ttotal Status Flags
r-devel-linux-x86_64-debian-clang 0.1.5 13.55 150.26 163.81 NOTE
r-devel-linux-x86_64-debian-gcc 0.1.5 10.21 109.81 120.02 NOTE
r-devel-linux-x86_64-fedora-clang 0.1.5 184.17 NOTE
r-devel-linux-x86_64-fedora-gcc 0.1.5 196.42 NOTE
r-devel-windows-x86_64 0.1.5 14.00 125.00 139.00 NOTE
r-patched-linux-x86_64 0.1.5 13.53 142.60 156.13 NOTE
r-release-linux-x86_64 0.1.5 12.82 139.31 152.13 NOTE
r-release-macos-arm64 0.1.5 60.00 NOTE
r-release-macos-x86_64 0.1.5 89.00 NOTE
r-release-windows-x86_64 0.1.5 15.00 124.00 139.00 NOTE
r-oldrel-macos-arm64 0.1.5 63.00 NOTE
r-oldrel-macos-x86_64 0.1.5 101.00 NOTE
r-oldrel-windows-x86_64 0.1.5 20.00 146.00 166.00 NOTE

Check Details

Version: 0.1.5
Check: LazyData
Result: NOTE 'LazyData' is specified without a 'data' directory Flavors: r-devel-linux-x86_64-debian-clang, r-devel-linux-x86_64-debian-gcc, r-devel-linux-x86_64-fedora-clang, r-devel-linux-x86_64-fedora-gcc, r-devel-windows-x86_64, r-patched-linux-x86_64, r-release-linux-x86_64, r-release-macos-arm64, r-release-macos-x86_64, r-release-windows-x86_64, r-oldrel-macos-arm64, r-oldrel-macos-x86_64, r-oldrel-windows-x86_64

Version: 0.1.5
Check: dependencies in R code
Result: NOTE Namespaces in Imports field not imported from: ‘shiny’ ‘tidyselect’ All declared Imports should be used. Flavors: r-devel-linux-x86_64-fedora-clang, r-devel-linux-x86_64-fedora-gcc