Last updated on 2025-01-25 19:49:02 CET.
Flavor | Version | Tinstall | Tcheck | Ttotal | Status | Flags |
---|---|---|---|---|---|---|
r-devel-linux-x86_64-debian-clang | 0.1.5 | 11.40 | 116.08 | 127.48 | OK | |
r-devel-linux-x86_64-debian-gcc | 0.1.5 | 7.98 | 82.97 | 90.95 | OK | |
r-devel-linux-x86_64-fedora-clang | 0.1.5 | 207.89 | NOTE | |||
r-devel-linux-x86_64-fedora-gcc | 0.1.5 | 207.57 | NOTE | |||
r-devel-windows-x86_64 | 0.1.5 | 15.00 | 121.00 | 136.00 | OK | |
r-patched-linux-x86_64 | 0.1.5 | 10.62 | 108.21 | 118.83 | NOTE | |
r-release-linux-x86_64 | 0.1.5 | 10.98 | 109.44 | 120.42 | NOTE | |
r-release-macos-arm64 | 0.1.5 | 60.00 | NOTE | |||
r-release-macos-x86_64 | 0.1.5 | 89.00 | NOTE | |||
r-release-windows-x86_64 | 0.1.5 | 13.00 | 119.00 | 132.00 | NOTE | |
r-oldrel-macos-arm64 | 0.1.5 | 63.00 | NOTE | |||
r-oldrel-macos-x86_64 | 0.1.5 | 101.00 | NOTE | |||
r-oldrel-windows-x86_64 | 0.1.5 | 18.00 | 148.00 | 166.00 | NOTE |
Version: 0.1.5
Check: dependencies in R code
Result: NOTE
Namespaces in Imports field not imported from:
‘shiny’ ‘tidyselect’
All declared Imports should be used.
Flavors: r-devel-linux-x86_64-fedora-clang, r-devel-linux-x86_64-fedora-gcc
Version: 0.1.5
Check: LazyData
Result: NOTE
'LazyData' is specified without a 'data' directory
Flavors: r-patched-linux-x86_64, r-release-linux-x86_64, r-release-macos-arm64, r-release-macos-x86_64, r-release-windows-x86_64, r-oldrel-macos-arm64, r-oldrel-macos-x86_64, r-oldrel-windows-x86_64