CRAN Package Check Results for Package websocket

Last updated on 2022-01-20 19:51:13 CET.

Flavor Version Tinstall Tcheck Ttotal Status Flags
r-devel-linux-x86_64-debian-clang 1.4.1 NOTE
r-devel-linux-x86_64-debian-gcc 1.4.1 64.70 32.14 96.84 NOTE
r-devel-linux-x86_64-fedora-clang 1.4.1 176.74 NOTE
r-devel-linux-x86_64-fedora-gcc 1.4.1 165.41 NOTE
r-devel-windows-x86_64-new-UL 1.4.1 290.00 131.00 421.00 NOTE
r-devel-windows-x86_64-new-TK 1.4.1 NOTE
r-patched-linux-x86_64 1.4.1 74.17 39.18 113.35 NOTE
r-release-linux-x86_64 1.4.1 74.57 39.31 113.88 NOTE
r-release-macos-arm64 1.4.1 NOTE
r-release-macos-x86_64 1.4.1 NOTE
r-release-windows-ix86+x86_64 1.4.1 339.00 118.00 457.00 NOTE
r-oldrel-macos-x86_64 1.4.1 NOTE
r-oldrel-windows-ix86+x86_64 1.4.1 339.00 122.00 461.00 NOTE

Check Details

Version: 1.4.1
Check: for GNU extensions in Makefiles
Result: NOTE
    GNU make is a SystemRequirements.
Flavors: r-devel-linux-x86_64-debian-clang, r-devel-linux-x86_64-debian-gcc, r-devel-linux-x86_64-fedora-clang, r-devel-linux-x86_64-fedora-gcc, r-devel-windows-x86_64-new-UL, r-devel-windows-x86_64-new-TK, r-patched-linux-x86_64, r-release-linux-x86_64, r-release-macos-arm64, r-release-macos-x86_64, r-release-windows-ix86+x86_64, r-oldrel-macos-x86_64, r-oldrel-windows-ix86+x86_64

Version: 1.4.1
Check: installed package size
Result: NOTE
     installed size is 17.3Mb
     sub-directories of 1Mb or more:
     libs 17.1Mb
Flavors: r-devel-linux-x86_64-fedora-clang, r-release-macos-arm64, r-release-macos-x86_64, r-release-windows-ix86+x86_64, r-oldrel-macos-x86_64, r-oldrel-windows-ix86+x86_64