CRAN Package Check Results for Package weed

Last updated on 2022-01-20 19:51:13 CET.

Flavor Version Tinstall Tcheck Ttotal Status Flags
r-devel-linux-x86_64-debian-clang 1.1.1 OK
r-devel-linux-x86_64-debian-gcc 1.1.1 1.77 29.71 31.48 OK
r-devel-linux-x86_64-fedora-clang 1.1.1 50.50 NOTE
r-devel-linux-x86_64-fedora-gcc 1.1.1 39.01 NOTE
r-devel-windows-x86_64-new-UL 1.1.1 21.00 60.00 81.00 OK
r-devel-windows-x86_64-new-TK 1.1.1 NOTE
r-patched-linux-x86_64 1.1.1 2.03 37.28 39.31 OK
r-release-linux-x86_64 1.1.1 2.72 36.67 39.39 OK
r-release-macos-arm64 1.1.1 NOTE
r-release-macos-x86_64 1.1.1 NOTE
r-release-windows-ix86+x86_64 1.1.1 7.00 49.00 56.00 OK
r-oldrel-macos-x86_64 1.1.1 NOTE
r-oldrel-windows-ix86+x86_64 1.1.1 7.00 53.00 60.00 OK

Check Details

Version: 1.1.1
Check: dependencies in R code
Result: NOTE
    Namespaces in Imports field not imported from:
     ‘here’ ‘rgeos’ ‘tibble’
     All declared Imports should be used.
Flavors: r-devel-linux-x86_64-fedora-clang, r-devel-linux-x86_64-fedora-gcc, r-devel-windows-x86_64-new-TK, r-release-macos-arm64, r-release-macos-x86_64, r-oldrel-macos-x86_64