CRAN Package Check Results for Package weightedScores

Last updated on 2024-06-14 22:57:32 CEST.

Flavor Version Tinstall Tcheck Ttotal Status Flags
r-devel-linux-x86_64-debian-clang 0.9.5.3 10.49 158.20 168.69 NOTE
r-devel-linux-x86_64-debian-gcc 0.9.5.3 8.88 106.88 115.76 NOTE
r-devel-linux-x86_64-fedora-clang 0.9.5.3 198.89 NOTE
r-devel-linux-x86_64-fedora-gcc 0.9.5.3 186.45 NOTE
r-devel-windows-x86_64 0.9.5.3 12.00 110.00 122.00 NOTE
r-patched-linux-x86_64 0.9.5.3 13.41 146.68 160.09 NOTE
r-release-linux-x86_64 0.9.5.3 10.74 144.85 155.59 NOTE
r-release-macos-arm64 0.9.5.3 42.00 NOTE
r-release-macos-x86_64 0.9.5.3 86.00 NOTE
r-release-windows-x86_64 0.9.5.3 12.00 119.00 131.00 NOTE
r-oldrel-macos-arm64 0.9.5.3 46.00 OK
r-oldrel-macos-x86_64 0.9.5.3 94.00 OK
r-oldrel-windows-x86_64 0.9.5.3 14.00 144.00 158.00 OK

Check Details

Version: 0.9.5.3
Check: Rd files
Result: NOTE checkRd: (-1) CLIC.Rd:149: Lost braces 149 | Composite likelihood {E}{M} algorithm with applications to | ^ Flavors: r-devel-linux-x86_64-debian-clang, r-devel-linux-x86_64-debian-gcc, r-devel-linux-x86_64-fedora-clang, r-devel-linux-x86_64-fedora-gcc, r-devel-windows-x86_64, r-patched-linux-x86_64, r-release-linux-x86_64, r-release-macos-arm64, r-release-macos-x86_64, r-release-windows-x86_64

Version: 0.9.5.3
Check: compiled code
Result: NOTE File ‘weightedScores/libs/weightedScores.so’: Found no calls to: ‘R_registerRoutines’, ‘R_useDynamicSymbols’ It is good practice to register native routines and to disable symbol search. See ‘Writing portable packages’ in the ‘Writing R Extensions’ manual. Flavors: r-devel-linux-x86_64-fedora-clang, r-devel-linux-x86_64-fedora-gcc