Last updated on 2023-09-26 23:04:29 CEST.
Flavor | Version | Tinstall | Tcheck | Ttotal | Status | Flags |
---|---|---|---|---|---|---|
r-devel-linux-x86_64-debian-clang | 0.9.5.3 | 10.30 | 146.25 | 156.55 | OK | |
r-devel-linux-x86_64-debian-gcc | 0.9.5.3 | 9.33 | 108.01 | 117.34 | OK | |
r-devel-linux-x86_64-fedora-clang | 0.9.5.3 | 189.03 | NOTE | |||
r-devel-linux-x86_64-fedora-gcc | 0.9.5.3 | 196.73 | NOTE | |||
r-devel-windows-x86_64 | 0.9.5.3 | 11.00 | 121.00 | 132.00 | OK | |
r-patched-linux-x86_64 | 0.9.5.3 | 11.70 | 145.66 | 157.36 | OK | |
r-release-linux-x86_64 | 0.9.5.3 | 10.56 | 142.81 | 153.37 | OK | |
r-release-macos-arm64 | 0.9.5.3 | 46.00 | OK | |||
r-release-macos-x86_64 | 0.9.5.3 | 94.00 | OK | |||
r-release-windows-x86_64 | 0.9.5.3 | 14.00 | 158.00 | 172.00 | OK | |
r-oldrel-macos-arm64 | 0.9.5.3 | 46.00 | OK | |||
r-oldrel-macos-x86_64 | 0.9.5.3 | 63.00 | OK | |||
r-oldrel-windows-x86_64 | 0.9.5.3 | 20.00 | 143.00 | 163.00 | OK |
Version: 0.9.5.3
Check: compiled code
Result: NOTE
File ‘weightedScores/libs/weightedScores.so’:
Found no calls to: ‘R_registerRoutines’, ‘R_useDynamicSymbols’
It is good practice to register native routines and to disable symbol
search.
See ‘Writing portable packages’ in the ‘Writing R Extensions’ manual.
Flavors: r-devel-linux-x86_64-fedora-clang, r-devel-linux-x86_64-fedora-gcc