CRAN Package Check Results for Package weightr

Last updated on 2021-09-21 21:51:13 CEST.

Flavor Version Tinstall Tcheck Ttotal Status Flags
r-devel-linux-x86_64-debian-clang 2.0.2 4.82 49.36 54.18 OK
r-devel-linux-x86_64-debian-gcc 2.0.2 4.12 36.99 41.11 OK
r-devel-linux-x86_64-fedora-clang 2.0.2 73.10 OK
r-devel-linux-x86_64-fedora-gcc 2.0.2 62.03 OK
r-devel-windows-x86_64 2.0.2 7.00 50.00 57.00 OK
r-devel-windows-x86_64-gcc10-UCRT 2.0.2 ERROR
r-patched-linux-x86_64 2.0.2 4.82 46.09 50.91 OK
r-patched-solaris-x86 2.0.2 89.00 OK
r-release-linux-x86_64 2.0.2 4.69 45.88 50.57 OK
r-release-macos-arm64 2.0.2 OK
r-release-macos-x86_64 2.0.2 OK
r-release-windows-ix86+x86_64 2.0.2 13.00 52.00 65.00 OK
r-oldrel-macos-x86_64 2.0.2 OK
r-oldrel-windows-ix86+x86_64 2.0.2 14.00 50.00 64.00 OK

Check Details

Version: 2.0.2
Check: whether package can be installed
Result: WARN
    Found the following significant warnings:
     WARNING: installation-time patches will not be applied, could not get the patches index
Flavor: r-devel-windows-x86_64-gcc10-UCRT

Version: 2.0.2
Check: PDF version of manual
Result: WARN
    LaTeX errors when creating PDF version.
    This typically indicates Rd problems.
Flavor: r-devel-windows-x86_64-gcc10-UCRT

Version: 2.0.2
Check: PDF version of manual without hyperrefs or index
Result: ERROR
    Re-running with no redirection of stdout/stderr.
Flavor: r-devel-windows-x86_64-gcc10-UCRT