CRAN Package Check Results for Package wflo

Last updated on 2021-12-01 19:51:54 CET.

Flavor Version Tinstall Tcheck Ttotal Status Flags
r-devel-linux-x86_64-debian-clang 1.6 5.87 507.99 513.86 OK
r-devel-linux-x86_64-debian-gcc 1.6 3.21 360.48 363.69 OK
r-devel-linux-x86_64-fedora-clang 1.6 622.90 NOTE
r-devel-linux-x86_64-fedora-gcc 1.6 582.17 NOTE
r-devel-windows-x86_64-new-UL 1.6 15.00 547.00 562.00 OK
r-devel-windows-x86_64-new-TK 1.6 NOTE
r-devel-windows-x86_64-old 1.6 9.00 442.00 451.00 OK
r-patched-linux-x86_64 1.6 6.15 479.02 485.17 OK
r-patched-solaris-x86 1.6 608.80 NOTE
r-release-linux-x86_64 1.6 4.93 468.95 473.88 OK
r-release-macos-arm64 1.6 NOTE
r-release-macos-x86_64 1.6 NOTE
r-release-windows-ix86+x86_64 1.6 10.00 404.00 414.00 OK
r-oldrel-macos-x86_64 1.6 NOTE
r-oldrel-windows-ix86+x86_64 1.6 7.00 431.00 438.00 OK

Check Details

Version: 1.6
Check: dependencies in R code
Result: NOTE
    Namespace in Imports field not imported from: ‘rgdal’
     All declared Imports should be used.
Flavors: r-devel-linux-x86_64-fedora-clang, r-devel-linux-x86_64-fedora-gcc, r-devel-windows-x86_64-new-TK, r-patched-solaris-x86, r-release-macos-arm64, r-release-macos-x86_64, r-oldrel-macos-x86_64