CRAN Package Check Results for Package wildviz

Last updated on 2021-12-08 19:51:54 CET.

Flavor Version Tinstall Tcheck Ttotal Status Flags
r-devel-linux-x86_64-debian-clang 0.1.2 42.56 84.99 127.55 OK
r-devel-linux-x86_64-debian-gcc 0.1.2 34.68 67.48 102.16 OK
r-devel-linux-x86_64-fedora-clang 0.1.2 145.91 NOTE
r-devel-linux-x86_64-fedora-gcc 0.1.2 137.57 NOTE
r-devel-windows-x86_64-new-UL 0.1.2 68.00 122.00 190.00 OK
r-devel-windows-x86_64-new-TK 0.1.2 NOTE
r-devel-windows-x86_64-old 0.1.2 64.00 73.00 137.00 OK
r-patched-linux-x86_64 0.1.2 39.00 79.41 118.41 OK
r-release-linux-x86_64 0.1.2 35.91 78.76 114.67 OK
r-release-macos-arm64 0.1.2 NOTE
r-release-macos-x86_64 0.1.2 NOTE
r-release-windows-ix86+x86_64 0.1.2 45.00 98.00 143.00 OK
r-oldrel-macos-x86_64 0.1.2 NOTE
r-oldrel-windows-ix86+x86_64 0.1.2 67.00 97.00 164.00 OK

Check Details

Version: 0.1.2
Check: dependencies in R code
Result: NOTE
    Namespaces in Imports field not imported from:
     ‘ggplot2’ ‘ggthemes’ ‘plotly’ ‘shinythemes’
     All declared Imports should be used.
Flavors: r-devel-linux-x86_64-fedora-clang, r-devel-linux-x86_64-fedora-gcc, r-devel-windows-x86_64-new-TK, r-release-macos-arm64, r-release-macos-x86_64, r-oldrel-macos-x86_64

Version: 0.1.2
Check: installed package size
Result: NOTE
     installed size is 5.5Mb
     sub-directories of 1Mb or more:
     data 5.1Mb
Flavor: r-release-macos-arm64